{"id":84,"date":"2018-11-14T10:36:29","date_gmt":"2018-11-14T10:36:29","guid":{"rendered":"http:\/\/grupodcc3000.com\/miniwebs\/?page_id=84"},"modified":"2021-10-04T09:22:07","modified_gmt":"2021-10-04T07:22:07","slug":"la-empresa","status":"publish","type":"page","link":"https:\/\/www.grupodcc3000.com\/asociado\/jadicer\/la-empresa\/","title":{"rendered":"La empresa"},"content":{"rendered":"<p>[et_pb_section fb_built=\u00bb1&#8243; fullwidth=\u00bbon\u00bb _builder_version=\u00bb3.22&#8243; global_colors_info=\u00bb{}\u00bb][et_pb_fullwidth_slider admin_label=\u00bbFoto seccion empresa\u00bb module_id=\u00bbslider_cortado\u00bb module_class=\u00bbslider_cortado\u00bb _builder_version=\u00bb3.18.5&#8243; background_color=\u00bb#8300e9&#8243; global_colors_info=\u00bb{}\u00bb][et_pb_slide _builder_version=\u00bb3.18.5&#8243; background_image=\u00bbhttps:\/\/www.grupodcc3000.com\/asociado\/jadicer\/wp-content\/uploads\/sites\/25\/2019\/04\/IMG_20190215_105442-2.jpg\u00bb global_colors_info=\u00bb{}\u00bb sticky_transition=\u00bbon\u00bb][\/et_pb_slide][\/et_pb_fullwidth_slider][\/et_pb_section][et_pb_section fb_built=\u00bb1&#8243; _builder_version=\u00bb3.17.6&#8243; background_color=\u00bb#272727&#8243; custom_padding=\u00bb0px|||\u00bb animation_style=\u00bbslide\u00bb global_module=\u00bb388&#8243; global_colors_info=\u00bb{}\u00bb][et_pb_row _builder_version=\u00bb3.25&#8243; global_colors_info=\u00bb{}\u00bb custom_padding=\u00bb51px|||||\u00bb][et_pb_column type=\u00bb4_4&#8243; _builder_version=\u00bb3.25&#8243; custom_padding=\u00bb|||\u00bb global_colors_info=\u00bb{}\u00bb custom_padding__hover=\u00bb|||\u00bb][et_pb_text _builder_version=\u00bb4.10.4&#8243; text_font=\u00bb||||||||\u00bb text_text_color=\u00bb#ffffff\u00bb text_font_size=\u00bb55px\u00bb header_font=\u00bb||||||||\u00bb header_text_align=\u00bbcenter\u00bb header_text_color=\u00bb#ffffff\u00bb hover_enabled=\u00bb0&#8243; global_colors_info=\u00bb{}\u00bb header_font_size=\u00bb38px\u00bb sticky_enabled=\u00bb0&#8243;]<\/p>\n<h1><strong>EMPRESA<\/strong><\/h1>\n<p>[\/et_pb_text][\/et_pb_column][\/et_pb_row][et_pb_row column_structure=\u00bb1_3,2_3&#8243; _builder_version=\u00bb3.25&#8243; global_colors_info=\u00bb{}\u00bb custom_padding=\u00bb0px|||||\u00bb][et_pb_column type=\u00bb1_3&#8243; _builder_version=\u00bb3.25&#8243; custom_padding=\u00bb|||\u00bb global_colors_info=\u00bb{}\u00bb custom_padding__hover=\u00bb|||\u00bb][et_pb_text _builder_version=\u00bb3.27.4&#8243; global_colors_info=\u00bb{}\u00bb]<\/p>\n<p><span style=\"color: #ffffff;\"><\/span><\/p>\n<p><span style=\"color: #ffffff;\"><strong>JA\u00c9N DISE\u00d1OS CER\u00c1MICOS<\/strong>, nace en el a\u00f1o 2001, creada por profesionales con m\u00e1s de 25 a\u00f1os de experiencia en nuestra actividad, somos distribuidores de las marcas m\u00e1s representativas de nuestro sector.<\/span><\/p>\n<p><span style=\"color: #ffffff;\">Nuestra motivaci\u00f3n fundamental, es ofrecer los productos m\u00e1s vanguardistas del mercado en dise\u00f1o y calidad ante todo, con las mejores empresas nacionales y europeas, que puedan satisfacer las exigencias de nuestros clientes, y poder conseguir as\u00ed unos acabados de obra totalmente \u00f3ptimos.<\/span><\/p>\n<p>[\/et_pb_text][\/et_pb_column][et_pb_column type=\u00bb2_3&#8243; _builder_version=\u00bb3.25&#8243; custom_padding=\u00bb|||\u00bb global_colors_info=\u00bb{}\u00bb custom_padding__hover=\u00bb|||\u00bb][et_pb_video src=\u00bbhttps:\/\/www.youtube.com\/watch?v=pbbwR0PVoSE\u00bb _builder_version=\u00bb4.10.4&#8243; _module_preset=\u00bbdefault\u00bb hover_enabled=\u00bb0&#8243; sticky_enabled=\u00bb0&#8243;][\/et_pb_video][\/et_pb_column][\/et_pb_row][et_pb_row _builder_version=\u00bb4.10.4&#8243; _module_preset=\u00bbdefault\u00bb global_colors_info=\u00bb{}\u00bb][et_pb_column type=\u00bb4_4&#8243; _builder_version=\u00bb4.10.4&#8243; _module_preset=\u00bbdefault\u00bb global_colors_info=\u00bb{}\u00bb][et_pb_gallery gallery_ids=\u00bb2562,2561,2558,2557&#8243; show_title_and_caption=\u00bboff\u00bb show_pagination=\u00bboff\u00bb _builder_version=\u00bb4.10.4&#8243; _module_preset=\u00bbdefault\u00bb custom_margin=\u00bb||0px|||\u00bb custom_padding=\u00bb||0px|||\u00bb global_colors_info=\u00bb{}\u00bb][\/et_pb_gallery][et_pb_gallery gallery_ids=\u00bb2553,2555,2554,2556&#8243; _builder_version=\u00bb4.10.4&#8243; _module_preset=\u00bbdefault\u00bb custom_padding=\u00bb0px|||||\u00bb hover_enabled=\u00bb0&#8243; global_colors_info=\u00bb{}\u00bb show_title_and_caption=\u00bboff\u00bb show_pagination=\u00bboff\u00bb sticky_enabled=\u00bb0&#8243;][\/et_pb_gallery][\/et_pb_column][\/et_pb_row][\/et_pb_section]<\/p>\n","protected":false},"excerpt":{"rendered":"<p>EMPRESA JA\u00c9N DISE\u00d1OS CER\u00c1MICOS, nace en el a\u00f1o 2001, creada por profesionales con m\u00e1s de 25 a\u00f1os de experiencia en nuestra actividad, somos distribuidores de las marcas m\u00e1s representativas de nuestro sector. Nuestra motivaci\u00f3n fundamental, es ofrecer los productos m\u00e1s vanguardistas del mercado en dise\u00f1o y calidad ante todo, con las mejores empresas nacionales y [&hellip;]<\/p>\n","protected":false},"author":4,"featured_media":0,"parent":0,"menu_order":0,"comment_status":"closed","ping_status":"closed","template":"","meta":{"_et_pb_use_builder":"on","_et_pb_old_content":"","_et_gb_content_width":"","footnotes":""},"class_list":["post-84","page","type-page","status-publish","hentry"],"yoast_head":"<!-- This site is optimized with the Yoast SEO plugin v27.1.1 - https:\/\/yoast.com\/product\/yoast-seo-wordpress\/ -->\n<title>La empresa - Jaen Dise\u00f1os Cer\u00e1micos<\/title>\n<meta name=\"robots\" content=\"index, follow, max-snippet:-1, max-image-preview:large, max-video-preview:-1\" \/>\n<link rel=\"canonical\" href=\"https:\/\/www.grupodcc3000.com\/asociado\/jadicer\/la-empresa\/\" \/>\n<meta property=\"og:locale\" content=\"es_ES\" \/>\n<meta property=\"og:type\" content=\"article\" \/>\n<meta property=\"og:title\" content=\"La empresa - Jaen Dise\u00f1os Cer\u00e1micos\" \/>\n<meta property=\"og:description\" content=\"EMPRESA JA\u00c9N DISE\u00d1OS CER\u00c1MICOS, nace en el a\u00f1o 2001, creada por profesionales con m\u00e1s de 25 a\u00f1os de experiencia en nuestra actividad, somos distribuidores de las marcas m\u00e1s representativas de nuestro sector. Nuestra motivaci\u00f3n fundamental, es ofrecer los productos m\u00e1s vanguardistas del mercado en dise\u00f1o y calidad ante todo, con las mejores empresas nacionales y [&hellip;]\" \/>\n<meta property=\"og:url\" content=\"https:\/\/www.grupodcc3000.com\/asociado\/jadicer\/la-empresa\/\" \/>\n<meta property=\"og:site_name\" content=\"Jaen Dise\u00f1os Cer\u00e1micos\" \/>\n<meta property=\"article:modified_time\" content=\"2021-10-04T07:22:07+00:00\" \/>\n<meta name=\"twitter:card\" content=\"summary_large_image\" \/>\n<meta name=\"twitter:label1\" content=\"Tiempo de lectura\" \/>\n\t<meta name=\"twitter:data1\" content=\"2 minutos\" \/>\n<script type=\"application\/ld+json\" class=\"yoast-schema-graph\">{\"@context\":\"https:\/\/schema.org\",\"@graph\":[{\"@type\":\"WebPage\",\"@id\":\"https:\/\/www.grupodcc3000.com\/asociado\/jadicer\/la-empresa\/\",\"url\":\"https:\/\/www.grupodcc3000.com\/asociado\/jadicer\/la-empresa\/\",\"name\":\"La empresa - Jaen Dise\u00f1os Cer\u00e1micos\",\"isPartOf\":{\"@id\":\"https:\/\/www.grupodcc3000.com\/asociado\/jadicer\/#website\"},\"datePublished\":\"2018-11-14T10:36:29+00:00\",\"dateModified\":\"2021-10-04T07:22:07+00:00\",\"breadcrumb\":{\"@id\":\"https:\/\/www.grupodcc3000.com\/asociado\/jadicer\/la-empresa\/#breadcrumb\"},\"inLanguage\":\"es\",\"potentialAction\":[{\"@type\":\"ReadAction\",\"target\":[\"https:\/\/www.grupodcc3000.com\/asociado\/jadicer\/la-empresa\/\"]}]},{\"@type\":\"BreadcrumbList\",\"@id\":\"https:\/\/www.grupodcc3000.com\/asociado\/jadicer\/la-empresa\/#breadcrumb\",\"itemListElement\":[{\"@type\":\"ListItem\",\"position\":1,\"name\":\"Portada\",\"item\":\"https:\/\/www.grupodcc3000.com\/asociado\/jadicer\/\"},{\"@type\":\"ListItem\",\"position\":2,\"name\":\"La empresa\"}]},{\"@type\":\"WebSite\",\"@id\":\"https:\/\/www.grupodcc3000.com\/asociado\/jadicer\/#website\",\"url\":\"https:\/\/www.grupodcc3000.com\/asociado\/jadicer\/\",\"name\":\"Jaen Dise\u00f1os Cer\u00e1micos\",\"description\":\"Otro sitio m\u00e1s de Asociados GrupoDCC3000\",\"potentialAction\":[{\"@type\":\"SearchAction\",\"target\":{\"@type\":\"EntryPoint\",\"urlTemplate\":\"https:\/\/www.grupodcc3000.com\/asociado\/jadicer\/?s={search_term_string}\"},\"query-input\":{\"@type\":\"PropertyValueSpecification\",\"valueRequired\":true,\"valueName\":\"search_term_string\"}}],\"inLanguage\":\"es\"}]}<\/script>\n<!-- \/ Yoast SEO plugin. -->","yoast_head_json":{"title":"La empresa - Jaen Dise\u00f1os Cer\u00e1micos","robots":{"index":"index","follow":"follow","max-snippet":"max-snippet:-1","max-image-preview":"max-image-preview:large","max-video-preview":"max-video-preview:-1"},"canonical":"https:\/\/www.grupodcc3000.com\/asociado\/jadicer\/la-empresa\/","og_locale":"es_ES","og_type":"article","og_title":"La empresa - Jaen Dise\u00f1os Cer\u00e1micos","og_description":"EMPRESA JA\u00c9N DISE\u00d1OS CER\u00c1MICOS, nace en el a\u00f1o 2001, creada por profesionales con m\u00e1s de 25 a\u00f1os de experiencia en nuestra actividad, somos distribuidores de las marcas m\u00e1s representativas de nuestro sector. Nuestra motivaci\u00f3n fundamental, es ofrecer los productos m\u00e1s vanguardistas del mercado en dise\u00f1o y calidad ante todo, con las mejores empresas nacionales y [&hellip;]","og_url":"https:\/\/www.grupodcc3000.com\/asociado\/jadicer\/la-empresa\/","og_site_name":"Jaen Dise\u00f1os Cer\u00e1micos","article_modified_time":"2021-10-04T07:22:07+00:00","twitter_card":"summary_large_image","twitter_misc":{"Tiempo de lectura":"2 minutos"},"schema":{"@context":"https:\/\/schema.org","@graph":[{"@type":"WebPage","@id":"https:\/\/www.grupodcc3000.com\/asociado\/jadicer\/la-empresa\/","url":"https:\/\/www.grupodcc3000.com\/asociado\/jadicer\/la-empresa\/","name":"La empresa - Jaen Dise\u00f1os Cer\u00e1micos","isPartOf":{"@id":"https:\/\/www.grupodcc3000.com\/asociado\/jadicer\/#website"},"datePublished":"2018-11-14T10:36:29+00:00","dateModified":"2021-10-04T07:22:07+00:00","breadcrumb":{"@id":"https:\/\/www.grupodcc3000.com\/asociado\/jadicer\/la-empresa\/#breadcrumb"},"inLanguage":"es","potentialAction":[{"@type":"ReadAction","target":["https:\/\/www.grupodcc3000.com\/asociado\/jadicer\/la-empresa\/"]}]},{"@type":"BreadcrumbList","@id":"https:\/\/www.grupodcc3000.com\/asociado\/jadicer\/la-empresa\/#breadcrumb","itemListElement":[{"@type":"ListItem","position":1,"name":"Portada","item":"https:\/\/www.grupodcc3000.com\/asociado\/jadicer\/"},{"@type":"ListItem","position":2,"name":"La empresa"}]},{"@type":"WebSite","@id":"https:\/\/www.grupodcc3000.com\/asociado\/jadicer\/#website","url":"https:\/\/www.grupodcc3000.com\/asociado\/jadicer\/","name":"Jaen Dise\u00f1os Cer\u00e1micos","description":"Otro sitio m\u00e1s de Asociados GrupoDCC3000","potentialAction":[{"@type":"SearchAction","target":{"@type":"EntryPoint","urlTemplate":"https:\/\/www.grupodcc3000.com\/asociado\/jadicer\/?s={search_term_string}"},"query-input":{"@type":"PropertyValueSpecification","valueRequired":true,"valueName":"search_term_string"}}],"inLanguage":"es"}]}},"_links":{"self":[{"href":"https:\/\/www.grupodcc3000.com\/asociado\/jadicer\/wp-json\/wp\/v2\/pages\/84","targetHints":{"allow":["GET"]}}],"collection":[{"href":"https:\/\/www.grupodcc3000.com\/asociado\/jadicer\/wp-json\/wp\/v2\/pages"}],"about":[{"href":"https:\/\/www.grupodcc3000.com\/asociado\/jadicer\/wp-json\/wp\/v2\/types\/page"}],"author":[{"embeddable":true,"href":"https:\/\/www.grupodcc3000.com\/asociado\/jadicer\/wp-json\/wp\/v2\/users\/4"}],"replies":[{"embeddable":true,"href":"https:\/\/www.grupodcc3000.com\/asociado\/jadicer\/wp-json\/wp\/v2\/comments?post=84"}],"version-history":[{"count":5,"href":"https:\/\/www.grupodcc3000.com\/asociado\/jadicer\/wp-json\/wp\/v2\/pages\/84\/revisions"}],"predecessor-version":[{"id":2601,"href":"https:\/\/www.grupodcc3000.com\/asociado\/jadicer\/wp-json\/wp\/v2\/pages\/84\/revisions\/2601"}],"wp:attachment":[{"href":"https:\/\/www.grupodcc3000.com\/asociado\/jadicer\/wp-json\/wp\/v2\/media?parent=84"}],"curies":[{"name":"wp","href":"https:\/\/api.w.org\/{rel}","templated":true}]}}

<p>[et_pb_section fb_built=»1&#8243; fullwidth=»on» _builder_version=»3.22&#8243; global_colors_info=»{}»][et_pb_fullwidth_slider admin_label=»Foto seccion empresa» module_id=»slider_cortado» module_class=»slider_cortado» _builder_version=»3.18.5&#8243; background_color=»#8300e9&#8243; global_colors_info=»{}»][et_pb_slide _builder_version=»3.18.5&#8243; background_image=»https://www.grupodcc3000.com/asociado/jadicer/wp-content/uploads/sites/25/2019/04/IMG_20190215_105442-2.jpg» global_colors_info=»{}» sticky_transition=»on»][/et_pb_slide][/et_pb_fullwidth_slider][/et_pb_section][et_pb_section fb_built=»1&#8243; _builder_version=»3.17.6&#8243; background_color=»#272727&#8243; custom_padding=»0px|||» animation_style=»slide» global_module=»388&#8243; global_colors_info=»{}»][et_pb_row _builder_version=»3.25&#8243; global_colors_info=»{}» custom_padding=»51px|||||»][et_pb_column type=»4_4&#8243; _builder_version=»3.25&#8243; custom_padding=»|||» global_colors_info=»{}» custom_padding__hover=»|||»][et_pb_text _builder_version=»4.10.4&#8243; text_font=»||||||||» text_text_color=»#ffffff» text_font_size=»55px» header_font=»||||||||» header_text_align=»center» header_text_color=»#ffffff» hover_enabled=»0&#8243; global_colors_info=»{}» header_font_size=»38px» sticky_enabled=»0&#8243;]</p>
<h1><strong>EMPRESA</strong></h1>
<p>[/et_pb_text][/et_pb_column][/et_pb_row][et_pb_row column_structure=»1_3,2_3&#8243; _builder_version=»3.25&#8243; global_colors_info=»{}» custom_padding=»0px|||||»][et_pb_column type=»1_3&#8243; _builder_version=»3.25&#8243; custom_padding=»|||» global_colors_info=»{}» custom_padding__hover=»|||»][et_pb_text _builder_version=»3.27.4&#8243; global_colors_info=»{}»]</p>
<p><span style="color: #ffffff;"></span></p>
<p><span style="color: #ffffff;"><strong>JAÉN DISEÑOS CERÁMICOS</strong>, nace en el año 2001, creada por profesionales con más de 25 años de experiencia en nuestra actividad, somos distribuidores de las marcas más representativas de nuestro sector.</span></p>
<p><span style="color: #ffffff;">Nuestra motivación fundamental, es ofrecer los productos más vanguardistas del mercado en diseño y calidad ante todo, con las mejores empresas nacionales y europeas, que puedan satisfacer las exigencias de nuestros clientes, y poder conseguir así unos acabados de obra totalmente óptimos.</span></p>
<p>[/et_pb_text][/et_pb_column][et_pb_column type=»2_3&#8243; _builder_version=»3.25&#8243; custom_padding=»|||» global_colors_info=»{}» custom_padding__hover=»|||»][et_pb_video src=»https://www.youtube.com/watch?v=pbbwR0PVoSE» _builder_version=»4.10.4&#8243; _module_preset=»default» hover_enabled=»0&#8243; sticky_enabled=»0&#8243;][/et_pb_video][/et_pb_column][/et_pb_row][et_pb_row _builder_version=»4.10.4&#8243; _module_preset=»default» global_colors_info=»{}»][et_pb_column type=»4_4&#8243; _builder_version=»4.10.4&#8243; _module_preset=»default» global_colors_info=»{}»][et_pb_gallery gallery_ids=»2562,2561,2558,2557&#8243; show_title_and_caption=»off» show_pagination=»off» _builder_version=»4.10.4&#8243; _module_preset=»default» custom_margin=»||0px|||» custom_padding=»||0px|||» global_colors_info=»{}»][/et_pb_gallery][et_pb_gallery gallery_ids=»2553,2555,2554,2556&#8243; _builder_version=»4.10.4&#8243; _module_preset=»default» custom_padding=»0px|||||» hover_enabled=»0&#8243; global_colors_info=»{}» show_title_and_caption=»off» show_pagination=»off» sticky_enabled=»0&#8243;][/et_pb_gallery][/et_pb_column][/et_pb_row][/et_pb_section]</p>

<p>EMPRESA JAÉN DISEÑOS CERÁMICOS, nace en el año 2001, creada por profesionales con más de 25 años de experiencia en nuestra actividad, somos distribuidores de las marcas más representativas de nuestro sector. Nuestra motivación fundamental, es ofrecer los productos más vanguardistas del mercado en diseño y calidad ante todo, con las mejores empresas nacionales y [&hellip;]</p>

<!-- This site is optimized with the Yoast SEO plugin v27.1.1 - https://yoast.com/product/yoast-seo-wordpress/ -->
<title>La empresa - Jaen Diseños Cerámicos</title>
<meta name="robots" content="index, follow, max-snippet:-1, max-image-preview:large, max-video-preview:-1" />
<link rel="canonical" href="https://www.grupodcc3000.com/asociado/jadicer/la-empresa/" />
<meta property="og:locale" content="es_ES" />
<meta property="og:type" content="article" />
<meta property="og:title" content="La empresa - Jaen Diseños Cerámicos" />
<meta property="og:description" content="EMPRESA JAÉN DISEÑOS CERÁMICOS, nace en el año 2001, creada por profesionales con más de 25 años de experiencia en nuestra actividad, somos distribuidores de las marcas más representativas de nuestro sector. Nuestra motivación fundamental, es ofrecer los productos más vanguardistas del mercado en diseño y calidad ante todo, con las mejores empresas nacionales y [&hellip;]" />
<meta property="og:url" content="https://www.grupodcc3000.com/asociado/jadicer/la-empresa/" />
<meta property="og:site_name" content="Jaen Diseños Cerámicos" />
<meta property="article:modified_time" content="2021-10-04T07:22:07+00:00" />
<meta name="twitter:card" content="summary_large_image" />
<meta name="twitter:label1" content="Tiempo de lectura" />
	<meta name="twitter:data1" content="2 minutos" />
<script type="application/ld+json" class="yoast-schema-graph">{"@context":"https://schema.org","@graph":[{"@type":"WebPage","@id":"https://www.grupodcc3000.com/asociado/jadicer/la-empresa/","url":"https://www.grupodcc3000.com/asociado/jadicer/la-empresa/","name":"La empresa - Jaen Diseños Cerámicos","isPartOf":{"@id":"https://www.grupodcc3000.com/asociado/jadicer/#website"},"datePublished":"2018-11-14T10:36:29+00:00","dateModified":"2021-10-04T07:22:07+00:00","breadcrumb":{"@id":"https://www.grupodcc3000.com/asociado/jadicer/la-empresa/#breadcrumb"},"inLanguage":"es","potentialAction":[{"@type":"ReadAction","target":["https://www.grupodcc3000.com/asociado/jadicer/la-empresa/"]}]},{"@type":"BreadcrumbList","@id":"https://www.grupodcc3000.com/asociado/jadicer/la-empresa/#breadcrumb","itemListElement":[{"@type":"ListItem","position":1,"name":"Portada","item":"https://www.grupodcc3000.com/asociado/jadicer/"},{"@type":"ListItem","position":2,"name":"La empresa"}]},{"@type":"WebSite","@id":"https://www.grupodcc3000.com/asociado/jadicer/#website","url":"https://www.grupodcc3000.com/asociado/jadicer/","name":"Jaen Diseños Cerámicos","description":"Otro sitio más de Asociados GrupoDCC3000","potentialAction":[{"@type":"SearchAction","target":{"@type":"EntryPoint","urlTemplate":"https://www.grupodcc3000.com/asociado/jadicer/?s={search_term_string}"},"query-input":{"@type":"PropertyValueSpecification","valueRequired":true,"valueName":"search_term_string"}}],"inLanguage":"es"}]}</script>
<!-- / Yoast SEO plugin. -->

La empresa - Jaen Diseños Cerámicos

EMPRESA JAÉN DISEÑOS CERÁMICOS, nace en el año 2001, creada por profesionales con más de 25 años de experiencia en nuestra actividad, somos distribuidores de las marcas más representativas de nuestro sector. Nuestra motivación fundamental, es ofrecer los productos más vanguardistas del mercado en diseño y calidad ante todo, con las mejores empresas nacionales y [&hellip;]

Jaen Diseños Cerámicos

Otro sitio más de Asociados GrupoDCC3000
