{"id":84,"date":"2018-11-14T10:36:29","date_gmt":"2018-11-14T10:36:29","guid":{"rendered":"http:\/\/grupodcc3000.com\/miniwebs\/?page_id=84"},"modified":"2022-04-22T08:54:58","modified_gmt":"2022-04-22T06:54:58","slug":"la-empresa","status":"publish","type":"page","link":"https:\/\/www.grupodcc3000.com\/asociado\/lacalera\/la-empresa\/","title":{"rendered":"La empresa"},"content":{"rendered":"<p>[et_pb_section fb_built=\u00bb1&#8243; fullwidth=\u00bbon\u00bb _builder_version=\u00bb4.16&#8243; global_colors_info=\u00bb{}\u00bb][et_pb_fullwidth_slider admin_label=\u00bbFoto seccion empresa\u00bb module_id=\u00bbslider_cortado\u00bb module_class=\u00bbslider_cortado\u00bb _builder_version=\u00bb4.16&#8243; global_colors_info=\u00bb{}\u00bb][et_pb_slide _builder_version=\u00bb4.16&#8243; background_image=\u00bbhttps:\/\/www.grupodcc3000.com\/asociado\/lacalera\/wp-content\/uploads\/sites\/47\/2019\/03\/WhatsApp-Image-2018-11-09-at-11.54.19.jpeg\u00bb global_colors_info=\u00bb{}\u00bb sticky_transition=\u00bbon\u00bb][\/et_pb_slide][\/et_pb_fullwidth_slider][\/et_pb_section][et_pb_section fb_built=\u00bb1&#8243; _builder_version=\u00bb3.17.6&#8243; background_color=\u00bb#272727&#8243; custom_padding=\u00bb0px|||\u00bb animation_style=\u00bbslide\u00bb global_module=\u00bb388&#8243; global_colors_info=\u00bb{}\u00bb][et_pb_row _builder_version=\u00bb4.16&#8243; global_colors_info=\u00bb{}\u00bb][et_pb_column type=\u00bb4_4&#8243; _builder_version=\u00bb4.16&#8243; custom_padding=\u00bb|||\u00bb global_colors_info=\u00bb{}\u00bb custom_padding__hover=\u00bb|||\u00bb][et_pb_text _builder_version=\u00bb4.16&#8243; text_font=\u00bb||||||||\u00bb text_text_color=\u00bb#ffffff\u00bb text_font_size=\u00bb45px\u00bb header_font=\u00bb||||||||\u00bb header_text_align=\u00bbcenter\u00bb header_text_color=\u00bb#ffffff\u00bb header_font_size=\u00bb45px\u00bb global_colors_info=\u00bb{}\u00bb]<\/p>\n<h1><strong>EMPRESA<\/strong><\/h1>\n<p>[\/et_pb_text][\/et_pb_column][\/et_pb_row][et_pb_row column_structure=\u00bb1_4,3_4&#8243; _builder_version=\u00bb4.16&#8243; global_colors_info=\u00bb{}\u00bb custom_padding=\u00bb|0px||||\u00bb][et_pb_column type=\u00bb1_4&#8243; _builder_version=\u00bb4.16&#8243; custom_padding=\u00bb|||\u00bb global_colors_info=\u00bb{}\u00bb custom_padding__hover=\u00bb|||\u00bb][et_pb_text _builder_version=\u00bb4.17.1&#8243; custom_margin=\u00bb|-164px||||\u00bb custom_padding=\u00bb|0px||267px||\u00bb hover_enabled=\u00bb0&#8243; global_colors_info=\u00bb{}\u00bb sticky_enabled=\u00bb0&#8243;]<\/p>\n<p><span style=\"color: #ffffff;\"><strong>La calera es un Almac\u00e9n de materiales de Construcci\u00f3n ubicado en Nueva Carteya &#8211; C\u00f3rdoba. <\/strong><\/span><\/p>\n<p><span style=\"color: #ffffff;\"><strong>Aqu\u00ed podr\u00e1s encontrar todo tipo de materiales de construcci\u00f3n para tu obra o reforma. Adem\u00e1s de hormigones y trasporte.<\/strong><\/span><\/p>\n<p><span style=\"color: #ffffff;\"><strong>Somos una empresa de construcci\u00f3n y compras y ventas al por menor.\u00a0<\/strong><strong>Ser\u00e1s atendido por profesionales.<\/strong><\/span><\/p>\n<p>[\/et_pb_text][\/et_pb_column][et_pb_column type=\u00bb3_4&#8243; _builder_version=\u00bb4.16&#8243; custom_padding=\u00bb|||\u00bb global_colors_info=\u00bb{}\u00bb custom_padding__hover=\u00bb|||\u00bb][et_pb_image src=\u00bbhttps:\/\/www.grupodcc3000.com\/asociado\/lacalera\/wp-content\/uploads\/sites\/47\/2021\/05\/banner-facebook-la-calera.png\u00bb title_text=\u00bbbanner facebook la calera\u00bb align_tablet=\u00bbcenter\u00bb align_phone=\u00bb\u00bb align_last_edited=\u00bbon|desktop\u00bb _builder_version=\u00bb4.16&#8243; custom_margin=\u00bb|||296px||\u00bb global_colors_info=\u00bb{}\u00bb custom_padding=\u00bb|226px||0px||\u00bb][\/et_pb_image][\/et_pb_column][\/et_pb_row][et_pb_row column_structure=\u00bb1_4,1_4,1_4,1_4&#8243; _builder_version=\u00bb4.16&#8243; _module_preset=\u00bbdefault\u00bb global_colors_info=\u00bb{}\u00bb][et_pb_column type=\u00bb1_4&#8243; _builder_version=\u00bb4.16&#8243; _module_preset=\u00bbdefault\u00bb global_colors_info=\u00bb{}\u00bb][et_pb_image src=\u00bbhttps:\/\/www.grupodcc3000.com\/asociado\/lacalera\/wp-content\/uploads\/sites\/47\/2021\/05\/26910306_2011925395763600_7993707576803629376_o.jpg\u00bb title_text=\u00bb26910306_2011925395763600_7993707576803629376_o\u00bb _builder_version=\u00bb4.16&#8243; _module_preset=\u00bbdefault\u00bb custom_padding=\u00bb|0px||||\u00bb global_colors_info=\u00bb{}\u00bb][\/et_pb_image][\/et_pb_column][et_pb_column type=\u00bb1_4&#8243; _builder_version=\u00bb4.16&#8243; _module_preset=\u00bbdefault\u00bb global_colors_info=\u00bb{}\u00bb][et_pb_image src=\u00bbhttps:\/\/www.grupodcc3000.com\/asociado\/lacalera\/wp-content\/uploads\/sites\/47\/2021\/05\/IMG_20210430_105410-scaled.jpg\u00bb title_text=\u00bbIMG_20210430_105410&#8243; _builder_version=\u00bb4.16&#8243; _module_preset=\u00bbdefault\u00bb global_colors_info=\u00bb{}\u00bb][\/et_pb_image][\/et_pb_column][et_pb_column type=\u00bb1_4&#8243; _builder_version=\u00bb4.16&#8243; _module_preset=\u00bbdefault\u00bb global_colors_info=\u00bb{}\u00bb][et_pb_image src=\u00bbhttps:\/\/www.grupodcc3000.com\/asociado\/lacalera\/wp-content\/uploads\/sites\/47\/2021\/05\/WhatsApp-Image-2021-04-30-at-11.12.39-2.jpeg\u00bb title_text=\u00bbWhatsApp Image 2021-04-30 at 11.12.39 (2)\u00bb _builder_version=\u00bb4.16&#8243; _module_preset=\u00bbdefault\u00bb global_colors_info=\u00bb{}\u00bb][\/et_pb_image][\/et_pb_column][et_pb_column type=\u00bb1_4&#8243; _builder_version=\u00bb4.16&#8243; _module_preset=\u00bbdefault\u00bb global_colors_info=\u00bb{}\u00bb][et_pb_image src=\u00bbhttps:\/\/www.grupodcc3000.com\/asociado\/lacalera\/wp-content\/uploads\/sites\/47\/2021\/05\/WhatsApp-Image-2021-04-30-at-11.12.39-1.jpeg\u00bb title_text=\u00bbWhatsApp Image 2021-04-30 at 11.12.39 (1)\u00bb _builder_version=\u00bb4.16&#8243; _module_preset=\u00bbdefault\u00bb global_colors_info=\u00bb{}\u00bb][\/et_pb_image][\/et_pb_column][\/et_pb_row][et_pb_row column_structure=\u00bb1_4,1_4,1_4,1_4&#8243; _builder_version=\u00bb4.16&#8243; _module_preset=\u00bbdefault\u00bb global_colors_info=\u00bb{}\u00bb][et_pb_column type=\u00bb1_4&#8243; _builder_version=\u00bb4.16&#8243; _module_preset=\u00bbdefault\u00bb global_colors_info=\u00bb{}\u00bb][et_pb_image src=\u00bbhttps:\/\/www.grupodcc3000.com\/asociado\/lacalera\/wp-content\/uploads\/sites\/47\/2021\/05\/IMG_20210430_105045-scaled.jpg\u00bb title_text=\u00bbIMG_20210430_105045&#8243; _builder_version=\u00bb4.16&#8243; _module_preset=\u00bbdefault\u00bb custom_padding=\u00bb|0px||||\u00bb global_colors_info=\u00bb{}\u00bb][\/et_pb_image][\/et_pb_column][et_pb_column type=\u00bb1_4&#8243; _builder_version=\u00bb4.16&#8243; _module_preset=\u00bbdefault\u00bb global_colors_info=\u00bb{}\u00bb][et_pb_image src=\u00bbhttps:\/\/www.grupodcc3000.com\/asociado\/lacalera\/wp-content\/uploads\/sites\/47\/2021\/05\/IMG_20210430_110345-scaled.jpg\u00bb title_text=\u00bbIMG_20210430_110345&#8243; _builder_version=\u00bb4.16&#8243; _module_preset=\u00bbdefault\u00bb global_colors_info=\u00bb{}\u00bb][\/et_pb_image][\/et_pb_column][et_pb_column type=\u00bb1_4&#8243; _builder_version=\u00bb4.16&#8243; _module_preset=\u00bbdefault\u00bb global_colors_info=\u00bb{}\u00bb][et_pb_image src=\u00bbhttps:\/\/www.grupodcc3000.com\/asociado\/lacalera\/wp-content\/uploads\/sites\/47\/2021\/05\/la-calera-materiales-construccion-e1620284244310.jpg\u00bb title_text=\u00bbla calera materiales construccion\u00bb _builder_version=\u00bb4.16&#8243; _module_preset=\u00bbdefault\u00bb global_colors_info=\u00bb{}\u00bb][\/et_pb_image][\/et_pb_column][et_pb_column type=\u00bb1_4&#8243; _builder_version=\u00bb4.16&#8243; _module_preset=\u00bbdefault\u00bb global_colors_info=\u00bb{}\u00bb][et_pb_image src=\u00bbhttps:\/\/www.grupodcc3000.com\/asociado\/lacalera\/wp-content\/uploads\/sites\/47\/2021\/05\/170142417_10222156384991347_8945176610744732007_n-e1620284220648.jpg\u00bb title_text=\u00bb170142417_10222156384991347_8945176610744732007_n\u00bb _builder_version=\u00bb4.16&#8243; _module_preset=\u00bbdefault\u00bb custom_padding=\u00bb||0px|9px||\u00bb global_colors_info=\u00bb{}\u00bb][\/et_pb_image][\/et_pb_column][\/et_pb_row][\/et_pb_section]<\/p>\n","protected":false},"excerpt":{"rendered":"<p>EMPRESALa calera es un Almac\u00e9n de materiales de Construcci\u00f3n ubicado en Nueva Carteya &#8211; C\u00f3rdoba. Aqu\u00ed podr\u00e1s encontrar todo tipo de materiales de construcci\u00f3n para tu obra o reforma. Adem\u00e1s de hormigones y trasporte. Somos una empresa de construcci\u00f3n y compras y ventas al por menor.\u00a0Ser\u00e1s atendido por profesionales.<\/p>\n","protected":false},"author":4,"featured_media":0,"parent":0,"menu_order":0,"comment_status":"closed","ping_status":"closed","template":"","meta":{"_et_pb_use_builder":"on","_et_pb_old_content":"","_et_gb_content_width":"","footnotes":""},"class_list":["post-84","page","type-page","status-publish","hentry"],"yoast_head":"<!-- This site is optimized with the Yoast SEO plugin v27.1.1 - https:\/\/yoast.com\/product\/yoast-seo-wordpress\/ -->\n<title>La empresa - Materiales de Construcci\u00f3n La Calera<\/title>\n<meta name=\"robots\" content=\"index, follow, max-snippet:-1, max-image-preview:large, max-video-preview:-1\" \/>\n<link rel=\"canonical\" href=\"https:\/\/www.grupodcc3000.com\/asociado\/lacalera\/la-empresa\/\" \/>\n<meta property=\"og:locale\" content=\"es_ES\" \/>\n<meta property=\"og:type\" content=\"article\" \/>\n<meta property=\"og:title\" content=\"La empresa - Materiales de Construcci\u00f3n La Calera\" \/>\n<meta property=\"og:description\" content=\"EMPRESALa calera es un Almac\u00e9n de materiales de Construcci\u00f3n ubicado en Nueva Carteya - C\u00f3rdoba. Aqu\u00ed podr\u00e1s encontrar todo tipo de materiales de construcci\u00f3n para tu obra o reforma. Adem\u00e1s de hormigones y trasporte. Somos una empresa de construcci\u00f3n y compras y ventas al por menor.\u00a0Ser\u00e1s atendido por profesionales.\" \/>\n<meta property=\"og:url\" content=\"https:\/\/www.grupodcc3000.com\/asociado\/lacalera\/la-empresa\/\" \/>\n<meta property=\"og:site_name\" content=\"Materiales de Construcci\u00f3n La Calera\" \/>\n<meta property=\"article:modified_time\" content=\"2022-04-22T06:54:58+00:00\" \/>\n<meta name=\"twitter:card\" content=\"summary_large_image\" \/>\n<meta name=\"twitter:label1\" content=\"Tiempo de lectura\" \/>\n\t<meta name=\"twitter:data1\" content=\"4 minutos\" \/>\n<script type=\"application\/ld+json\" class=\"yoast-schema-graph\">{\"@context\":\"https:\/\/schema.org\",\"@graph\":[{\"@type\":\"WebPage\",\"@id\":\"https:\/\/www.grupodcc3000.com\/asociado\/lacalera\/la-empresa\/\",\"url\":\"https:\/\/www.grupodcc3000.com\/asociado\/lacalera\/la-empresa\/\",\"name\":\"La empresa - Materiales de Construcci\u00f3n La Calera\",\"isPartOf\":{\"@id\":\"https:\/\/www.grupodcc3000.com\/asociado\/lacalera\/#website\"},\"datePublished\":\"2018-11-14T10:36:29+00:00\",\"dateModified\":\"2022-04-22T06:54:58+00:00\",\"breadcrumb\":{\"@id\":\"https:\/\/www.grupodcc3000.com\/asociado\/lacalera\/la-empresa\/#breadcrumb\"},\"inLanguage\":\"es\",\"potentialAction\":[{\"@type\":\"ReadAction\",\"target\":[\"https:\/\/www.grupodcc3000.com\/asociado\/lacalera\/la-empresa\/\"]}]},{\"@type\":\"BreadcrumbList\",\"@id\":\"https:\/\/www.grupodcc3000.com\/asociado\/lacalera\/la-empresa\/#breadcrumb\",\"itemListElement\":[{\"@type\":\"ListItem\",\"position\":1,\"name\":\"Portada\",\"item\":\"https:\/\/www.grupodcc3000.com\/asociado\/lacalera\/\"},{\"@type\":\"ListItem\",\"position\":2,\"name\":\"La empresa\"}]},{\"@type\":\"WebSite\",\"@id\":\"https:\/\/www.grupodcc3000.com\/asociado\/lacalera\/#website\",\"url\":\"https:\/\/www.grupodcc3000.com\/asociado\/lacalera\/\",\"name\":\"Materiales de Construcci\u00f3n La Calera\",\"description\":\"Otro sitio m\u00e1s de Asociados GrupoDCC3000\",\"potentialAction\":[{\"@type\":\"SearchAction\",\"target\":{\"@type\":\"EntryPoint\",\"urlTemplate\":\"https:\/\/www.grupodcc3000.com\/asociado\/lacalera\/?s={search_term_string}\"},\"query-input\":{\"@type\":\"PropertyValueSpecification\",\"valueRequired\":true,\"valueName\":\"search_term_string\"}}],\"inLanguage\":\"es\"}]}<\/script>\n<!-- \/ Yoast SEO plugin. -->","yoast_head_json":{"title":"La empresa - Materiales de Construcci\u00f3n La Calera","robots":{"index":"index","follow":"follow","max-snippet":"max-snippet:-1","max-image-preview":"max-image-preview:large","max-video-preview":"max-video-preview:-1"},"canonical":"https:\/\/www.grupodcc3000.com\/asociado\/lacalera\/la-empresa\/","og_locale":"es_ES","og_type":"article","og_title":"La empresa - Materiales de Construcci\u00f3n La Calera","og_description":"EMPRESALa calera es un Almac\u00e9n de materiales de Construcci\u00f3n ubicado en Nueva Carteya - C\u00f3rdoba. Aqu\u00ed podr\u00e1s encontrar todo tipo de materiales de construcci\u00f3n para tu obra o reforma. Adem\u00e1s de hormigones y trasporte. Somos una empresa de construcci\u00f3n y compras y ventas al por menor.\u00a0Ser\u00e1s atendido por profesionales.","og_url":"https:\/\/www.grupodcc3000.com\/asociado\/lacalera\/la-empresa\/","og_site_name":"Materiales de Construcci\u00f3n La Calera","article_modified_time":"2022-04-22T06:54:58+00:00","twitter_card":"summary_large_image","twitter_misc":{"Tiempo de lectura":"4 minutos"},"schema":{"@context":"https:\/\/schema.org","@graph":[{"@type":"WebPage","@id":"https:\/\/www.grupodcc3000.com\/asociado\/lacalera\/la-empresa\/","url":"https:\/\/www.grupodcc3000.com\/asociado\/lacalera\/la-empresa\/","name":"La empresa - Materiales de Construcci\u00f3n La Calera","isPartOf":{"@id":"https:\/\/www.grupodcc3000.com\/asociado\/lacalera\/#website"},"datePublished":"2018-11-14T10:36:29+00:00","dateModified":"2022-04-22T06:54:58+00:00","breadcrumb":{"@id":"https:\/\/www.grupodcc3000.com\/asociado\/lacalera\/la-empresa\/#breadcrumb"},"inLanguage":"es","potentialAction":[{"@type":"ReadAction","target":["https:\/\/www.grupodcc3000.com\/asociado\/lacalera\/la-empresa\/"]}]},{"@type":"BreadcrumbList","@id":"https:\/\/www.grupodcc3000.com\/asociado\/lacalera\/la-empresa\/#breadcrumb","itemListElement":[{"@type":"ListItem","position":1,"name":"Portada","item":"https:\/\/www.grupodcc3000.com\/asociado\/lacalera\/"},{"@type":"ListItem","position":2,"name":"La empresa"}]},{"@type":"WebSite","@id":"https:\/\/www.grupodcc3000.com\/asociado\/lacalera\/#website","url":"https:\/\/www.grupodcc3000.com\/asociado\/lacalera\/","name":"Materiales de Construcci\u00f3n La Calera","description":"Otro sitio m\u00e1s de Asociados GrupoDCC3000","potentialAction":[{"@type":"SearchAction","target":{"@type":"EntryPoint","urlTemplate":"https:\/\/www.grupodcc3000.com\/asociado\/lacalera\/?s={search_term_string}"},"query-input":{"@type":"PropertyValueSpecification","valueRequired":true,"valueName":"search_term_string"}}],"inLanguage":"es"}]}},"_links":{"self":[{"href":"https:\/\/www.grupodcc3000.com\/asociado\/lacalera\/wp-json\/wp\/v2\/pages\/84","targetHints":{"allow":["GET"]}}],"collection":[{"href":"https:\/\/www.grupodcc3000.com\/asociado\/lacalera\/wp-json\/wp\/v2\/pages"}],"about":[{"href":"https:\/\/www.grupodcc3000.com\/asociado\/lacalera\/wp-json\/wp\/v2\/types\/page"}],"author":[{"embeddable":true,"href":"https:\/\/www.grupodcc3000.com\/asociado\/lacalera\/wp-json\/wp\/v2\/users\/4"}],"replies":[{"embeddable":true,"href":"https:\/\/www.grupodcc3000.com\/asociado\/lacalera\/wp-json\/wp\/v2\/comments?post=84"}],"version-history":[{"count":7,"href":"https:\/\/www.grupodcc3000.com\/asociado\/lacalera\/wp-json\/wp\/v2\/pages\/84\/revisions"}],"predecessor-version":[{"id":2753,"href":"https:\/\/www.grupodcc3000.com\/asociado\/lacalera\/wp-json\/wp\/v2\/pages\/84\/revisions\/2753"}],"wp:attachment":[{"href":"https:\/\/www.grupodcc3000.com\/asociado\/lacalera\/wp-json\/wp\/v2\/media?parent=84"}],"curies":[{"name":"wp","href":"https:\/\/api.w.org\/{rel}","templated":true}]}}