{"id":84,"date":"2018-11-14T10:36:29","date_gmt":"2018-11-14T10:36:29","guid":{"rendered":"http:\/\/grupodcc3000.com\/miniwebs\/?page_id=84"},"modified":"2021-01-05T10:07:31","modified_gmt":"2021-01-05T10:07:31","slug":"la-empresa","status":"publish","type":"page","link":"https:\/\/www.grupodcc3000.com\/asociado\/macovifer\/la-empresa\/","title":{"rendered":"La empresa"},"content":{"rendered":"<p>[et_pb_section fb_built=\u00bb1&#8243; fullwidth=\u00bbon\u00bb _builder_version=\u00bb3.22&#8243;][et_pb_fullwidth_slider admin_label=\u00bbFoto seccion empresa\u00bb module_id=\u00bbslider_cortado\u00bb module_class=\u00bbslider_cortado\u00bb _builder_version=\u00bb4.4.4&#8243;][et_pb_slide _builder_version=\u00bb4.4.4&#8243; background_color=\u00bb#ffffff\u00bb background_enable_color=\u00bbon\u00bb background_image=\u00bbhttps:\/\/www.grupodcc3000.com\/asociado\/macovifer\/wp-content\/uploads\/sites\/116\/2020\/07\/WhatsApp-Image-2020-07-02-at-16.15.54.jpeg\u00bb background_size=\u00bbinitial\u00bb background_position=\u00bbtop_center\u00bb sticky_transition=\u00bbon\u00bb][\/et_pb_slide][\/et_pb_fullwidth_slider][\/et_pb_section][et_pb_section fb_built=\u00bb1&#8243; _builder_version=\u00bb4.7.7&#8243; background_color=\u00bb#272727&#8243; custom_padding=\u00bb0px|||\u00bb animation_style=\u00bbslide\u00bb global_module=\u00bb388&#8243;][et_pb_row _builder_version=\u00bb3.25&#8243;][et_pb_column type=\u00bb4_4&#8243; _builder_version=\u00bb3.25&#8243; custom_padding=\u00bb|||\u00bb custom_padding__hover=\u00bb|||\u00bb][et_pb_text _builder_version=\u00bb3.27.4&#8243; text_font=\u00bb||||||||\u00bb text_text_color=\u00bb#ffffff\u00bb text_font_size=\u00bb45px\u00bb header_font=\u00bb||||||||\u00bb header_text_align=\u00bbcenter\u00bb header_text_color=\u00bb#ffffff\u00bb header_font_size=\u00bb45px\u00bb]<\/p>\n<h1><strong>EMPRESA<\/strong><\/h1>\n<p>[\/et_pb_text][\/et_pb_column][\/et_pb_row][et_pb_row column_structure=\u00bb2_5,3_5&#8243; _builder_version=\u00bb4.7.7&#8243;][et_pb_column type=\u00bb2_5&#8243; _builder_version=\u00bb3.25&#8243; custom_padding=\u00bb|||\u00bb custom_padding__hover=\u00bb|||\u00bb][et_pb_text _builder_version=\u00bb4.4.4&#8243;]<\/p>\n<p style=\"text-align: justify;\"><span style=\"color: #ffffff;\">Macovifer es una empresa familiar con m\u00e1s de 20 a\u00f1os de experiencia. Naci\u00f3 para satisfacer las necesidades de profesionales y particulares que est\u00e9n llevando a cabo un proyecto de construcci\u00f3n o reforma desde sus cimientos.<\/span><br \/><span style=\"color: #ffffff;\">Tenemos servicios de transportes y maquinaria para movimientos de tierra.<\/span><\/p>\n<p style=\"text-align: justify;\"><span style=\"color: #ffffff;\">Por este motivo en Macovifer puede encontrar todo lo necesario para realizar su proyecto<\/span>.<\/p>\n<p>[\/et_pb_text][\/et_pb_column][et_pb_column type=\u00bb3_5&#8243; _builder_version=\u00bb3.25&#8243; custom_padding=\u00bb|||\u00bb custom_padding__hover=\u00bb|||\u00bb][et_pb_video src=\u00bbhttps:\/\/youtu.be\/AFB-tw-V29o\u00bb _builder_version=\u00bb4.7.7&#8243; _module_preset=\u00bbdefault\u00bb][\/et_pb_video][\/et_pb_column][\/et_pb_row][et_pb_row column_structure=\u00bb1_4,1_4,1_4,1_4&#8243; _builder_version=\u00bb4.7.7&#8243; _module_preset=\u00bbdefault\u00bb][et_pb_column type=\u00bb1_4&#8243; _builder_version=\u00bb4.7.7&#8243; _module_preset=\u00bbdefault\u00bb][et_pb_image src=\u00bbhttps:\/\/www.grupodcc3000.com\/asociado\/macovifer\/wp-content\/uploads\/sites\/116\/2021\/01\/121346988_2454253001541301_523576865073950469_n.jpg\u00bb title_text=\u00bb121346988_2454253001541301_523576865073950469_n\u00bb _builder_version=\u00bb4.7.7&#8243; _module_preset=\u00bbdefault\u00bb][\/et_pb_image][\/et_pb_column][et_pb_column type=\u00bb1_4&#8243; _builder_version=\u00bb4.7.7&#8243; _module_preset=\u00bbdefault\u00bb][et_pb_image src=\u00bbhttps:\/\/www.grupodcc3000.com\/asociado\/macovifer\/wp-content\/uploads\/sites\/116\/2021\/01\/61043724_2075116276121644_8832654528315654144_n.jpg\u00bb title_text=\u00bb61043724_2075116276121644_8832654528315654144_n\u00bb _builder_version=\u00bb4.7.7&#8243; _module_preset=\u00bbdefault\u00bb][\/et_pb_image][\/et_pb_column][et_pb_column type=\u00bb1_4&#8243; _builder_version=\u00bb4.7.7&#8243; _module_preset=\u00bbdefault\u00bb][et_pb_image src=\u00bbhttps:\/\/www.grupodcc3000.com\/asociado\/macovifer\/wp-content\/uploads\/sites\/116\/2021\/01\/41790397_1946162532350353_4136841039841329152_n.jpg\u00bb title_text=\u00bb41790397_1946162532350353_4136841039841329152_n\u00bb _builder_version=\u00bb4.7.7&#8243; _module_preset=\u00bbdefault\u00bb][\/et_pb_image][\/et_pb_column][et_pb_column type=\u00bb1_4&#8243; _builder_version=\u00bb4.7.7&#8243; _module_preset=\u00bbdefault\u00bb][et_pb_image src=\u00bbhttps:\/\/www.grupodcc3000.com\/asociado\/macovifer\/wp-content\/uploads\/sites\/116\/2021\/01\/16938977_1676366699329939_3631616066892799162_n.jpg\u00bb title_text=\u00bb16938977_1676366699329939_3631616066892799162_n\u00bb _builder_version=\u00bb4.7.7&#8243; _module_preset=\u00bbdefault\u00bb][\/et_pb_image][\/et_pb_column][\/et_pb_row][\/et_pb_section]<\/p>\n","protected":false},"excerpt":{"rendered":"<p>EMPRESAMacovifer es una empresa familiar con m\u00e1s de 20 a\u00f1os de experiencia. Naci\u00f3 para satisfacer las necesidades de profesionales y particulares que est\u00e9n llevando a cabo un proyecto de construcci\u00f3n o reforma desde sus cimientos.Tenemos servicios de transportes y maquinaria para movimientos de tierra. Por este motivo en Macovifer puede encontrar todo lo necesario para [&hellip;]<\/p>\n","protected":false},"author":4,"featured_media":0,"parent":0,"menu_order":0,"comment_status":"closed","ping_status":"closed","template":"","meta":{"_et_pb_use_builder":"on","_et_pb_old_content":"","_et_gb_content_width":"","footnotes":""},"class_list":["post-84","page","type-page","status-publish","hentry"],"_links":{"self":[{"href":"https:\/\/www.grupodcc3000.com\/asociado\/macovifer\/wp-json\/wp\/v2\/pages\/84","targetHints":{"allow":["GET"]}}],"collection":[{"href":"https:\/\/www.grupodcc3000.com\/asociado\/macovifer\/wp-json\/wp\/v2\/pages"}],"about":[{"href":"https:\/\/www.grupodcc3000.com\/asociado\/macovifer\/wp-json\/wp\/v2\/types\/page"}],"author":[{"embeddable":true,"href":"https:\/\/www.grupodcc3000.com\/asociado\/macovifer\/wp-json\/wp\/v2\/users\/4"}],"replies":[{"embeddable":true,"href":"https:\/\/www.grupodcc3000.com\/asociado\/macovifer\/wp-json\/wp\/v2\/comments?post=84"}],"version-history":[{"count":5,"href":"https:\/\/www.grupodcc3000.com\/asociado\/macovifer\/wp-json\/wp\/v2\/pages\/84\/revisions"}],"predecessor-version":[{"id":2925,"href":"https:\/\/www.grupodcc3000.com\/asociado\/macovifer\/wp-json\/wp\/v2\/pages\/84\/revisions\/2925"}],"wp:attachment":[{"href":"https:\/\/www.grupodcc3000.com\/asociado\/macovifer\/wp-json\/wp\/v2\/media?parent=84"}],"curies":[{"name":"wp","href":"https:\/\/api.w.org\/{rel}","templated":true}]}}