{"id":85,"date":"2018-11-14T10:36:29","date_gmt":"2018-11-14T10:36:29","guid":{"rendered":"http:\/\/grupodcc3000.com\/miniwebs\/?page_id=85"},"modified":"2019-08-20T12:23:04","modified_gmt":"2019-08-20T10:23:04","slug":"catalogo","status":"publish","type":"page","link":"https:\/\/www.grupodcc3000.com\/asociado\/olialbamateriales\/catalogo\/","title":{"rendered":"Cat\u00e1logo"},"content":{"rendered":"<p>[et_pb_section fb_built=\u00bb1&#8243; fullwidth=\u00bbon\u00bb _builder_version=\u00bb3.18.5&#8243; custom_padding=\u00bb0px|0px|3px|0px|false|false\u00bb top_divider_height=\u00bb105px\u00bb][et_pb_fullwidth_slider admin_label=\u00bbFoto seccion proveedores\u00bb module_class=\u00bbslider_cortado\u00bb _builder_version=\u00bb3.18.5&#8243; header_font=\u00bb||||||||\u00bb][et_pb_slide alignment=\u00bbbottom\u00bb _builder_version=\u00bb3.18.5&#8243; header_font=\u00bbArial||||||||\u00bb header_font_size=\u00bb42px\u00bb header_letter_spacing=\u00bb0px\u00bb body_font=\u00bb|700|||||||\u00bb background_image=\u00bbhttps:\/\/www.grupodcc3000.com\/asociado\/polverocurrito\/wp-content\/uploads\/sites\/29\/2019\/04\/Libros-Irabia-Izaga-Colegio-Pamplona.jpg\u00bb background_layout=\u00bblight\u00bb background_color=\u00bb#004066&#8243;][\/et_pb_slide][\/et_pb_fullwidth_slider][\/et_pb_section][et_pb_section fb_built=\u00bb1&#8243; _builder_version=\u00bb3.18.5&#8243; custom_margin=\u00bb0px||\u00bb custom_padding=\u00bb0px||\u00bb animation_style=\u00bbslide\u00bb][et_pb_row custom_padding=\u00bb38.05px|0px|0|0px|false|false\u00bb custom_margin=\u00bb0px||\u00bb _builder_version=\u00bb3.18.5&#8243;][et_pb_column type=\u00bb4_4&#8243; _builder_version=\u00bb3.18.5&#8243; parallax=\u00bboff\u00bb parallax_method=\u00bbon\u00bb][et_pb_text _builder_version=\u00bb3.18.5&#8243; text_font=\u00bb||||||||\u00bb header_font=\u00bb||||||||\u00bb header_text_align=\u00bbcenter\u00bb header_font_size=\u00bb45px\u00bb]<\/p>\n<h1><strong>CAT\u00c1LOGOS<\/strong><\/h1>\n<p>[\/et_pb_text][\/et_pb_column][\/et_pb_row][et_pb_row custom_padding=\u00bb0|0px|38.05px|0px|false|false\u00bb _builder_version=\u00bb3.18.5&#8243;][et_pb_column type=\u00bb4_4&#8243; _builder_version=\u00bb3.18.5&#8243; parallax=\u00bboff\u00bb parallax_method=\u00bbon\u00bb][et_pb_text _builder_version=\u00bb3.18.5&#8243;] <link href='https:\/\/www.grupodcc3000.com\/asociado\/bootstrap.css' rel='stylesheet' type='text\/css'><script type='text\/javascript' src='https:\/\/www.grupodcc3000.com\/asociado\/scripts.js'><\/script><style>\r\n\t.sinBorde {border: 0 !important;}\r\n\t.subrayado {text-decoration: underline;}\r\n\t.titulos {padding-top: 5px; padding-bottom: 5px !important; background-color: #cccccc;}\r\n\t.conBorde {border: 5px solid #006341; border-radius: 15px;}\r\n<\/style><p align='justify'>En nuestras gu\u00edas encontrar\u00e1s toda la informaci\u00f3n necesaria para llevar a cabo tus proyectos de edificaci\u00f3n, reforma \u00f3 simplemente mejora de tu hogar. Seleccionando el departamento y la familia o buscando directamente en el filtro inicial, podr\u00e1s descargar todo tipo de cat\u00e1logos, fichas t\u00e9cnicas y gu\u00edas\/videos de colocaci\u00f3n.<\/p><br><form action='https:\/\/www.grupodcc3000.com\/asociado\/olialbamateriales\/wp-json\/wp\/v2catalogo\/' method='post'><div class='row'><div class='col-3'>Texto a buscar:<br><input type='text' name='texto'><\/div><div class='col-3'>Departamento:<br><select id='departamento' name='departamento' onchange='cambiaFamilia2()' style='width:250px;'><option value='0'>Seleccione ...<\/option>\r\n\t<option value='1'>Ba\u00f1o<\/option>;\r\n\t<option value='2'>Calefacci\u00f3n, ventilaci\u00f3n y jard\u00edn<\/option>\r\n\t<option value='3'>Cer\u00e1mica<\/option>\r\n\t<option value='4'>Herramienta, ferreter\u00eda, electricidad y electrodom\u00e9sticos<\/option>\r\n\t<option value='5'>Materiales de construcci\u00f3n<\/option>\r\n\t<option value='6'>Pintura, madera y decoraci\u00f3n<\/option>\r\n\t<option value='7'>Servicios<\/option><\/select><\/div>\r\n\t\r\n\t<div class='col-3'>Familia:<br><\/td><td class='sinBorde'><select id='familia' name='familia' style='width:250px;'>\r\n\t<option value='0'>Todas<\/option>\r\n\t<\/select><\/div>\r\n\t\r\n\t<div class='col-2'><br><input type='submit' value='Buscar'><\/div><\/div><\/form><br><center><div class='row'><div class='col-3'><a href='https:\/\/www.grupodcc3000.com\/asociado\/olialbamateriales\/wp-json\/wp\/v2catalogo\/?departamento=1'><img class='conBorde' src='https:\/\/www.grupodcc3000.com\/asociado\/departamentos\/ba\u00f1o.jpg' width='200'><br>BA\u00d1O<\/a><\/div>\r\n\t<div class='col-3'><a href='https:\/\/www.grupodcc3000.com\/asociado\/olialbamateriales\/wp-json\/wp\/v2catalogo\/?departamento=2'><img class='conBorde' src='https:\/\/www.grupodcc3000.com\/asociado\/departamentos\/calefaccion.jpg' width='200'><br>CALEFACCI\u00d3N, VENTILACI\u00d3N Y JARD\u00cdN<\/a><\/div>\r\n\t<div class='col-3'><a href='https:\/\/www.grupodcc3000.com\/asociado\/olialbamateriales\/wp-json\/wp\/v2catalogo\/?departamento=3'><img class='conBorde' src='https:\/\/www.grupodcc3000.com\/asociado\/departamentos\/ceramica.jpg' width='200'><br>CER\u00c1MICA<\/a><\/div>\r\n\t<div class='col-3'><a href='https:\/\/www.grupodcc3000.com\/asociado\/olialbamateriales\/wp-json\/wp\/v2catalogo\/?departamento=4'><img class='conBorde' src='https:\/\/www.grupodcc3000.com\/asociado\/departamentos\/herramientas.jpg' width='200'><br>HERRAMIENTAS, FERRETER\u00cdA, ELECTRICIDAD Y ELECTRODOM\u00c9STICOS<\/a><\/div><\/div>\r\n\t<br><div class='row'><div class='col-3'><a href='https:\/\/www.grupodcc3000.com\/asociado\/olialbamateriales\/wp-json\/wp\/v2catalogo\/?departamento=5'><img class='conBorde' src='https:\/\/www.grupodcc3000.com\/asociado\/departamentos\/materiales.jpg' width='200'><br>MATERIALES DE CONSTRUCCI\u00d3N<\/a><\/div>\r\n\t<div class='col-3'><a href='https:\/\/www.grupodcc3000.com\/asociado\/olialbamateriales\/wp-json\/wp\/v2catalogo\/?departamento=6'><img class='conBorde' src='https:\/\/www.grupodcc3000.com\/asociado\/departamentos\/pintura.jpg' width='200'><br>PINTURA, MADERA Y DECORACI\u00d3N<\/a><\/div>\r\n\t<div class='col-3'><a href='https:\/\/www.grupodcc3000.com\/asociado\/olialbamateriales\/wp-json\/wp\/v2catalogo\/?departamento=7'><img class='conBorde' src='https:\/\/www.grupodcc3000.com\/asociado\/departamentos\/servicios.jpg' width='200'><br>SERVICIOS<\/a><\/div>\r\n\t<div class='col-3'><\/div><\/center><hr>[\/et_pb_text][\/et_pb_column][\/et_pb_row][\/et_pb_section][et_pb_section fb_built=\u00bb1&#8243; _builder_version=\u00bb3.18.5&#8243;][\/et_pb_section]<\/p>\n","protected":false},"excerpt":{"rendered":"<p>CAT\u00c1LOGOS <link href='https:\/\/www.grupodcc3000.com\/asociado\/bootstrap.css' rel='stylesheet' type='text\/css'><script type='text\/javascript' src='https:\/\/www.grupodcc3000.com\/asociado\/scripts.js'><\/script><style>\r\n\t.sinBorde {border: 0 !important;}\r\n\t.subrayado {text-decoration: underline;}\r\n\t.titulos {padding-top: 5px; padding-bottom: 5px !important; background-color: #cccccc;}\r\n\t.conBorde {border: 5px solid #006341; border-radius: 15px;}\r\n<\/style><p align='justify'>En nuestras gu\u00edas encontrar\u00e1s toda la informaci\u00f3n necesaria para llevar a cabo tus proyectos de edificaci\u00f3n, reforma \u00f3 simplemente mejora de tu hogar. Seleccionando el departamento y la familia o buscando directamente en el filtro inicial, podr\u00e1s descargar todo tipo de cat\u00e1logos, fichas t\u00e9cnicas y gu\u00edas\/videos de colocaci\u00f3n.<\/p><br><form action='https:\/\/www.grupodcc3000.com\/asociado\/olialbamateriales\/wp-json\/wp\/v2catalogo\/' method='post'><div class='row'><div class='col-3'>Texto a buscar:<br><input type='text' name='texto'><\/div><div class='col-3'>Departamento:<br><select id='departamento' name='departamento' onchange='cambiaFamilia2()' style='width:250px;'><option value='0'>Seleccione ...<\/option>\r\n\t<option value='1'>Ba\u00f1o<\/option>;\r\n\t<option value='2'>Calefacci\u00f3n, ventilaci\u00f3n y jard\u00edn<\/option>\r\n\t<option value='3'>Cer\u00e1mica<\/option>\r\n\t<option value='4'>Herramienta, ferreter\u00eda, electricidad y electrodom\u00e9sticos<\/option>\r\n\t<option value='5'>Materiales de construcci\u00f3n<\/option>\r\n\t<option value='6'>Pintura, madera y decoraci\u00f3n<\/option>\r\n\t<option value='7'>Servicios<\/option><\/select><\/div>\r\n\t\r\n\t<div class='col-3'>Familia:<br><\/td><td class='sinBorde'><select id='familia' name='familia' style='width:250px;'>\r\n\t<option value='0'>Todas<\/option>\r\n\t<\/select><\/div>\r\n\t\r\n\t<div class='col-2'><br><input type='submit' value='Buscar'><\/div><\/div><\/form><br><center><div class='row'><div class='col-3'><a href='https:\/\/www.grupodcc3000.com\/asociado\/olialbamateriales\/wp-json\/wp\/v2catalogo\/?departamento=1'><img class='conBorde' src='https:\/\/www.grupodcc3000.com\/asociado\/departamentos\/ba\u00f1o.jpg' width='200'><br>BA\u00d1O<\/a><\/div>\r\n\t<div class='col-3'><a href='https:\/\/www.grupodcc3000.com\/asociado\/olialbamateriales\/wp-json\/wp\/v2catalogo\/?departamento=2'><img class='conBorde' src='https:\/\/www.grupodcc3000.com\/asociado\/departamentos\/calefaccion.jpg' width='200'><br>CALEFACCI\u00d3N, VENTILACI\u00d3N Y JARD\u00cdN<\/a><\/div>\r\n\t<div class='col-3'><a href='https:\/\/www.grupodcc3000.com\/asociado\/olialbamateriales\/wp-json\/wp\/v2catalogo\/?departamento=3'><img class='conBorde' src='https:\/\/www.grupodcc3000.com\/asociado\/departamentos\/ceramica.jpg' width='200'><br>CER\u00c1MICA<\/a><\/div>\r\n\t<div class='col-3'><a href='https:\/\/www.grupodcc3000.com\/asociado\/olialbamateriales\/wp-json\/wp\/v2catalogo\/?departamento=4'><img class='conBorde' src='https:\/\/www.grupodcc3000.com\/asociado\/departamentos\/herramientas.jpg' width='200'><br>HERRAMIENTAS, FERRETER\u00cdA, ELECTRICIDAD Y ELECTRODOM\u00c9STICOS<\/a><\/div><\/div>\r\n\t<br><div class='row'><div class='col-3'><a href='https:\/\/www.grupodcc3000.com\/asociado\/olialbamateriales\/wp-json\/wp\/v2catalogo\/?departamento=5'><img class='conBorde' src='https:\/\/www.grupodcc3000.com\/asociado\/departamentos\/materiales.jpg' width='200'><br>MATERIALES DE CONSTRUCCI\u00d3N<\/a><\/div>\r\n\t<div class='col-3'><a href='https:\/\/www.grupodcc3000.com\/asociado\/olialbamateriales\/wp-json\/wp\/v2catalogo\/?departamento=6'><img class='conBorde' src='https:\/\/www.grupodcc3000.com\/asociado\/departamentos\/pintura.jpg' width='200'><br>PINTURA, MADERA Y DECORACI\u00d3N<\/a><\/div>\r\n\t<div class='col-3'><a href='https:\/\/www.grupodcc3000.com\/asociado\/olialbamateriales\/wp-json\/wp\/v2catalogo\/?departamento=7'><img class='conBorde' src='https:\/\/www.grupodcc3000.com\/asociado\/departamentos\/servicios.jpg' width='200'><br>SERVICIOS<\/a><\/div>\r\n\t<div class='col-3'><\/div><\/center><hr><\/p>\n","protected":false},"author":4,"featured_media":0,"parent":0,"menu_order":0,"comment_status":"closed","ping_status":"closed","template":"","meta":{"_et_pb_use_builder":"on","_et_pb_old_content":"<!-- wp:paragraph -->\n<p>  [wbcr_php_snippet id=\"488\"]  <br><\/p>\n<!-- \/wp:paragraph -->","_et_gb_content_width":"","footnotes":""},"class_list":["post-85","page","type-page","status-publish","hentry"],"yoast_head":"<!-- This site is optimized with the Yoast SEO plugin v27.1.1 - https:\/\/yoast.com\/product\/yoast-seo-wordpress\/ -->\n<title>Cat\u00e1logo - Olialba Materiales<\/title>\n<meta name=\"robots\" content=\"index, follow, max-snippet:-1, max-image-preview:large, max-video-preview:-1\" \/>\n<link rel=\"canonical\" href=\"https:\/\/www.grupodcc3000.com\/asociado\/olialbamateriales\/catalogo\/\" \/>\n<meta property=\"og:locale\" content=\"es_ES\" \/>\n<meta property=\"og:type\" content=\"article\" \/>\n<meta property=\"og:title\" content=\"Cat\u00e1logo - Olialba Materiales\" \/>\n<meta property=\"og:description\" content=\"CAT\u00c1LOGOS\" \/>\n<meta property=\"og:url\" content=\"https:\/\/www.grupodcc3000.com\/asociado\/olialbamateriales\/catalogo\/\" \/>\n<meta property=\"og:site_name\" content=\"Olialba Materiales\" \/>\n<meta property=\"article:modified_time\" content=\"2019-08-20T10:23:04+00:00\" \/>\n<meta name=\"twitter:card\" content=\"summary_large_image\" \/>\n<meta name=\"twitter:label1\" content=\"Tiempo de lectura\" \/>\n\t<meta name=\"twitter:data1\" content=\"1 minuto\" \/>\n<script type=\"application\/ld+json\" class=\"yoast-schema-graph\">{\"@context\":\"https:\/\/schema.org\",\"@graph\":[{\"@type\":\"WebPage\",\"@id\":\"https:\/\/www.grupodcc3000.com\/asociado\/olialbamateriales\/catalogo\/\",\"url\":\"https:\/\/www.grupodcc3000.com\/asociado\/olialbamateriales\/catalogo\/\",\"name\":\"Cat\u00e1logo - Olialba Materiales\",\"isPartOf\":{\"@id\":\"https:\/\/www.grupodcc3000.com\/asociado\/olialbamateriales\/#website\"},\"datePublished\":\"2018-11-14T10:36:29+00:00\",\"dateModified\":\"2019-08-20T10:23:04+00:00\",\"breadcrumb\":{\"@id\":\"https:\/\/www.grupodcc3000.com\/asociado\/olialbamateriales\/catalogo\/#breadcrumb\"},\"inLanguage\":\"es\",\"potentialAction\":[{\"@type\":\"ReadAction\",\"target\":[\"https:\/\/www.grupodcc3000.com\/asociado\/olialbamateriales\/catalogo\/\"]}]},{\"@type\":\"BreadcrumbList\",\"@id\":\"https:\/\/www.grupodcc3000.com\/asociado\/olialbamateriales\/catalogo\/#breadcrumb\",\"itemListElement\":[{\"@type\":\"ListItem\",\"position\":1,\"name\":\"Portada\",\"item\":\"https:\/\/www.grupodcc3000.com\/asociado\/olialbamateriales\/\"},{\"@type\":\"ListItem\",\"position\":2,\"name\":\"Cat\u00e1logo\"}]},{\"@type\":\"WebSite\",\"@id\":\"https:\/\/www.grupodcc3000.com\/asociado\/olialbamateriales\/#website\",\"url\":\"https:\/\/www.grupodcc3000.com\/asociado\/olialbamateriales\/\",\"name\":\"Olialba Materiales\",\"description\":\"Otro sitio m\u00e1s de Asociados GrupoDCC3000\",\"potentialAction\":[{\"@type\":\"SearchAction\",\"target\":{\"@type\":\"EntryPoint\",\"urlTemplate\":\"https:\/\/www.grupodcc3000.com\/asociado\/olialbamateriales\/?s={search_term_string}\"},\"query-input\":{\"@type\":\"PropertyValueSpecification\",\"valueRequired\":true,\"valueName\":\"search_term_string\"}}],\"inLanguage\":\"es\"}]}<\/script>\n<!-- \/ Yoast SEO plugin. -->","yoast_head_json":{"title":"Cat\u00e1logo - Olialba Materiales","robots":{"index":"index","follow":"follow","max-snippet":"max-snippet:-1","max-image-preview":"max-image-preview:large","max-video-preview":"max-video-preview:-1"},"canonical":"https:\/\/www.grupodcc3000.com\/asociado\/olialbamateriales\/catalogo\/","og_locale":"es_ES","og_type":"article","og_title":"Cat\u00e1logo - Olialba Materiales","og_description":"CAT\u00c1LOGOS","og_url":"https:\/\/www.grupodcc3000.com\/asociado\/olialbamateriales\/catalogo\/","og_site_name":"Olialba Materiales","article_modified_time":"2019-08-20T10:23:04+00:00","twitter_card":"summary_large_image","twitter_misc":{"Tiempo de lectura":"1 minuto"},"schema":{"@context":"https:\/\/schema.org","@graph":[{"@type":"WebPage","@id":"https:\/\/www.grupodcc3000.com\/asociado\/olialbamateriales\/catalogo\/","url":"https:\/\/www.grupodcc3000.com\/asociado\/olialbamateriales\/catalogo\/","name":"Cat\u00e1logo - Olialba Materiales","isPartOf":{"@id":"https:\/\/www.grupodcc3000.com\/asociado\/olialbamateriales\/#website"},"datePublished":"2018-11-14T10:36:29+00:00","dateModified":"2019-08-20T10:23:04+00:00","breadcrumb":{"@id":"https:\/\/www.grupodcc3000.com\/asociado\/olialbamateriales\/catalogo\/#breadcrumb"},"inLanguage":"es","potentialAction":[{"@type":"ReadAction","target":["https:\/\/www.grupodcc3000.com\/asociado\/olialbamateriales\/catalogo\/"]}]},{"@type":"BreadcrumbList","@id":"https:\/\/www.grupodcc3000.com\/asociado\/olialbamateriales\/catalogo\/#breadcrumb","itemListElement":[{"@type":"ListItem","position":1,"name":"Portada","item":"https:\/\/www.grupodcc3000.com\/asociado\/olialbamateriales\/"},{"@type":"ListItem","position":2,"name":"Cat\u00e1logo"}]},{"@type":"WebSite","@id":"https:\/\/www.grupodcc3000.com\/asociado\/olialbamateriales\/#website","url":"https:\/\/www.grupodcc3000.com\/asociado\/olialbamateriales\/","name":"Olialba Materiales","description":"Otro sitio m\u00e1s de Asociados GrupoDCC3000","potentialAction":[{"@type":"SearchAction","target":{"@type":"EntryPoint","urlTemplate":"https:\/\/www.grupodcc3000.com\/asociado\/olialbamateriales\/?s={search_term_string}"},"query-input":{"@type":"PropertyValueSpecification","valueRequired":true,"valueName":"search_term_string"}}],"inLanguage":"es"}]}},"_links":{"self":[{"href":"https:\/\/www.grupodcc3000.com\/asociado\/olialbamateriales\/wp-json\/wp\/v2\/pages\/85","targetHints":{"allow":["GET"]}}],"collection":[{"href":"https:\/\/www.grupodcc3000.com\/asociado\/olialbamateriales\/wp-json\/wp\/v2\/pages"}],"about":[{"href":"https:\/\/www.grupodcc3000.com\/asociado\/olialbamateriales\/wp-json\/wp\/v2\/types\/page"}],"author":[{"embeddable":true,"href":"https:\/\/www.grupodcc3000.com\/asociado\/olialbamateriales\/wp-json\/wp\/v2\/users\/4"}],"replies":[{"embeddable":true,"href":"https:\/\/www.grupodcc3000.com\/asociado\/olialbamateriales\/wp-json\/wp\/v2\/comments?post=85"}],"version-history":[{"count":2,"href":"https:\/\/www.grupodcc3000.com\/asociado\/olialbamateriales\/wp-json\/wp\/v2\/pages\/85\/revisions"}],"predecessor-version":[{"id":1277,"href":"https:\/\/www.grupodcc3000.com\/asociado\/olialbamateriales\/wp-json\/wp\/v2\/pages\/85\/revisions\/1277"}],"wp:attachment":[{"href":"https:\/\/www.grupodcc3000.com\/asociado\/olialbamateriales\/wp-json\/wp\/v2\/media?parent=85"}],"curies":[{"name":"wp","href":"https:\/\/api.w.org\/{rel}","templated":true}]}}