{"id":84,"date":"2018-11-14T10:36:29","date_gmt":"2018-11-14T10:36:29","guid":{"rendered":"http:\/\/grupodcc3000.com\/miniwebs\/?page_id=84"},"modified":"2022-05-06T14:26:21","modified_gmt":"2022-05-06T12:26:21","slug":"la-empresa","status":"publish","type":"page","link":"https:\/\/www.grupodcc3000.com\/asociado\/rodriguezmolina\/la-empresa\/","title":{"rendered":"La empresa"},"content":{"rendered":"<p>[et_pb_section fb_built=\u00bb1&#8243; fullwidth=\u00bbon\u00bb _builder_version=\u00bb4.16&#8243; global_colors_info=\u00bb{}\u00bb][et_pb_fullwidth_slider admin_label=\u00bbFoto seccion empresa\u00bb module_id=\u00bbslider_cortado\u00bb module_class=\u00bbslider_cortado\u00bb _builder_version=\u00bb4.16&#8243; background_color=\u00bb#023c7a\u00bb global_colors_info=\u00bb{}\u00bb][et_pb_slide _builder_version=\u00bb4.16&#8243; background_image=\u00bbhttps:\/\/www.grupodcc3000.com\/asociado\/rodriguezmolina\/wp-content\/uploads\/sites\/27\/2019\/04\/178-2.jpg\u00bb global_colors_info=\u00bb{}\u00bb sticky_transition=\u00bbon\u00bb][\/et_pb_slide][\/et_pb_fullwidth_slider][\/et_pb_section][et_pb_section fb_built=\u00bb1&#8243; _builder_version=\u00bb3.17.6&#8243; background_color=\u00bb#272727&#8243; custom_padding=\u00bb0px|||\u00bb animation_style=\u00bbslide\u00bb global_module=\u00bb388&#8243; global_colors_info=\u00bb{}\u00bb][et_pb_row _builder_version=\u00bb4.16&#8243; global_colors_info=\u00bb{}\u00bb][et_pb_column type=\u00bb4_4&#8243; _builder_version=\u00bb4.16&#8243; custom_padding=\u00bb|||\u00bb global_colors_info=\u00bb{}\u00bb custom_padding__hover=\u00bb|||\u00bb][et_pb_text _builder_version=\u00bb4.16&#8243; text_font=\u00bb||||||||\u00bb text_text_color=\u00bb#ffffff\u00bb text_font_size=\u00bb45px\u00bb header_font=\u00bb||||||||\u00bb header_text_align=\u00bbcenter\u00bb header_text_color=\u00bb#ffffff\u00bb global_colors_info=\u00bb{}\u00bb]<\/p>\n<h1><strong>EMPRESA<\/strong><\/h1>\n<p>[\/et_pb_text][\/et_pb_column][\/et_pb_row][et_pb_row column_structure=\u00bb1_3,2_3&#8243; _builder_version=\u00bb4.16&#8243; global_colors_info=\u00bb{}\u00bb][et_pb_column type=\u00bb1_3&#8243; _builder_version=\u00bb4.16&#8243; custom_padding=\u00bb|||\u00bb global_colors_info=\u00bb{}\u00bb custom_padding__hover=\u00bb|||\u00bb][et_pb_text _builder_version=\u00bb4.17.3&#8243; hover_enabled=\u00bb0&#8243; global_colors_info=\u00bb{}\u00bb sticky_enabled=\u00bb0&#8243;]<\/p>\n<p><span style=\"color: #ffffff;\"><\/span><\/p>\n<p><span style=\"color: #ffffff;\"><\/span><\/p>\n<p><span style=\"color: #ffffff;\">Polvero Rodr\u00edguez Molina S.L es una empresa familiar que se fund\u00f3 en el a\u00f1o 1.970 por Matilde Molina Mall\u00e9n y Antonio Rodr\u00edguez Garc\u00eda . Posteriormente, en el a\u00f1o 1.997 pas\u00f3 a denominarse tal y como se conoce hoy en d\u00eda. Actualmente est\u00e1 gestionada por sus hijos Emilio y Jos\u00e9 Juan Rodr\u00edguez Molina.<\/span><\/p>\n<p><span style=\"color: #ffffff;\">En nuestra empresa, nos dedicamos a la venta de materiales de construcci\u00f3n, azulejos, gres, grifer\u00edas, mamparas, ferreter\u00eda, muebles de ba\u00f1o y fontaner\u00eda. Todos estos materiales, los servimos a domicilio si lo necesita, con la mayor rapidez y eficacia, y siempre cumpliendo los plazos marcados.<\/span><\/p>\n<p><span style=\"color: #ffffff;\">Todos los materiales que ofrecemos son siempre de la m\u00e1s alta calidad y garant\u00eda para ofrecer siempre lo mejor a nuestros clientes. Disponemos de unas amplias instalaciones de m\u00e1s de 6000 m2 que se distribuyen entre el almac\u00e9n central, patio exterior, exposici\u00f3n y oficinas.<\/span><\/p>\n<p><span style=\"color: #ffffff;\">Gracias a estas instalaciones, disponemos de un gran STOCK en todos nuestros art\u00edculos.<\/span><\/p>\n<p>[\/et_pb_text][\/et_pb_column][et_pb_column type=\u00bb2_3&#8243; _builder_version=\u00bb4.16&#8243; custom_padding=\u00bb|||\u00bb global_colors_info=\u00bb{}\u00bb custom_padding__hover=\u00bb|||\u00bb][et_pb_video src=\u00bbhttps:\/\/youtu.be\/FVURuOgM5kM\u00bb _builder_version=\u00bb4.17.3&#8243; _module_preset=\u00bbdefault\u00bb hover_enabled=\u00bb0&#8243; sticky_enabled=\u00bb0&#8243; custom_padding=\u00bb|||78px||\u00bb][\/et_pb_video][\/et_pb_column][\/et_pb_row][et_pb_row column_structure=\u00bb1_3,1_3,1_3&#8243; _builder_version=\u00bb4.16&#8243; global_colors_info=\u00bb{}\u00bb][et_pb_column type=\u00bb1_3&#8243; _builder_version=\u00bb4.16&#8243; custom_padding=\u00bb|||\u00bb global_colors_info=\u00bb{}\u00bb custom_padding__hover=\u00bb|||\u00bb][et_pb_image src=\u00bbhttps:\/\/www.grupodcc3000.com\/asociado\/rodriguezmolina\/wp-content\/uploads\/sites\/27\/2022\/05\/polvero-rodriguez-molina-24-grupo-dcc-3000-sevilla-scaled.jpeg\u00bb align_tablet=\u00bbcenter\u00bb align_phone=\u00bb\u00bb align_last_edited=\u00bbon|desktop\u00bb _builder_version=\u00bb4.17.3&#8243; hover_enabled=\u00bb0&#8243; global_colors_info=\u00bb{}\u00bb title_text=\u00bbpolvero rodriguez molina (24) &#8211; grupo dcc 3000 &#8211; sevilla\u00bb sticky_enabled=\u00bb0&#8243;][\/et_pb_image][\/et_pb_column][et_pb_column type=\u00bb1_3&#8243; _builder_version=\u00bb4.16&#8243; custom_padding=\u00bb|||\u00bb global_colors_info=\u00bb{}\u00bb custom_padding__hover=\u00bb|||\u00bb][et_pb_image src=\u00bbhttps:\/\/www.grupodcc3000.com\/asociado\/rodriguezmolina\/wp-content\/uploads\/sites\/27\/2022\/05\/polvero-rodriguez-molina-25-grupo-dcc-3000-sevilla-scaled.jpeg\u00bb align_tablet=\u00bbcenter\u00bb align_phone=\u00bb\u00bb align_last_edited=\u00bbon|desktop\u00bb _builder_version=\u00bb4.17.3&#8243; hover_enabled=\u00bb0&#8243; global_colors_info=\u00bb{}\u00bb title_text=\u00bbpolvero rodriguez molina (25) &#8211; grupo dcc 3000 &#8211; sevilla\u00bb sticky_enabled=\u00bb0&#8243;][\/et_pb_image][\/et_pb_column][et_pb_column type=\u00bb1_3&#8243; _builder_version=\u00bb4.16&#8243; custom_padding=\u00bb|||\u00bb global_colors_info=\u00bb{}\u00bb custom_padding__hover=\u00bb|||\u00bb][et_pb_image src=\u00bbhttps:\/\/www.grupodcc3000.com\/asociado\/rodriguezmolina\/wp-content\/uploads\/sites\/27\/2022\/05\/polvero-rodriguez-molina-45-grupo-dcc-3000-sevilla-scaled.jpeg\u00bb align_tablet=\u00bbcenter\u00bb align_phone=\u00bb\u00bb align_last_edited=\u00bbon|desktop\u00bb _builder_version=\u00bb4.17.3&#8243; hover_enabled=\u00bb0&#8243; global_colors_info=\u00bb{}\u00bb title_text=\u00bbpolvero rodriguez molina (45) &#8211; grupo dcc 3000 &#8211; sevilla\u00bb sticky_enabled=\u00bb0&#8243;][\/et_pb_image][\/et_pb_column][\/et_pb_row][et_pb_row column_structure=\u00bb1_3,1_3,1_3&#8243; _builder_version=\u00bb4.16&#8243; global_colors_info=\u00bb{}\u00bb][et_pb_column type=\u00bb1_3&#8243; _builder_version=\u00bb4.16&#8243; custom_padding=\u00bb|||\u00bb global_colors_info=\u00bb{}\u00bb custom_padding__hover=\u00bb|||\u00bb][et_pb_image src=\u00bbhttps:\/\/www.grupodcc3000.com\/asociado\/rodriguezmolina\/wp-content\/uploads\/sites\/27\/2022\/05\/polvero-rodriguez-molina-27-grupo-dcc-3000-sevilla-scaled.jpeg\u00bb align_tablet=\u00bbcenter\u00bb align_phone=\u00bb\u00bb align_last_edited=\u00bbon|desktop\u00bb _builder_version=\u00bb4.17.3&#8243; hover_enabled=\u00bb0&#8243; global_colors_info=\u00bb{}\u00bb title_text=\u00bbpolvero rodriguez molina (27) &#8211; grupo dcc 3000 &#8211; sevilla\u00bb sticky_enabled=\u00bb0&#8243;][\/et_pb_image][\/et_pb_column][et_pb_column type=\u00bb1_3&#8243; _builder_version=\u00bb4.16&#8243; custom_padding=\u00bb|||\u00bb global_colors_info=\u00bb{}\u00bb custom_padding__hover=\u00bb|||\u00bb][et_pb_image src=\u00bbhttps:\/\/www.grupodcc3000.com\/asociado\/rodriguezmolina\/wp-content\/uploads\/sites\/27\/2022\/05\/polvero-rodriguez-molina-28-grupo-dcc-3000-sevilla-scaled.jpeg\u00bb align_tablet=\u00bbcenter\u00bb align_phone=\u00bb\u00bb align_last_edited=\u00bbon|desktop\u00bb _builder_version=\u00bb4.17.3&#8243; hover_enabled=\u00bb0&#8243; global_colors_info=\u00bb{}\u00bb title_text=\u00bbpolvero rodriguez molina (28) &#8211; grupo dcc 3000 &#8211; sevilla\u00bb sticky_enabled=\u00bb0&#8243; custom_padding=\u00bb|52px||52px||true\u00bb][\/et_pb_image][\/et_pb_column][et_pb_column type=\u00bb1_3&#8243; _builder_version=\u00bb4.16&#8243; custom_padding=\u00bb|||\u00bb global_colors_info=\u00bb{}\u00bb custom_padding__hover=\u00bb|||\u00bb][et_pb_image src=\u00bbhttps:\/\/www.grupodcc3000.com\/asociado\/rodriguezmolina\/wp-content\/uploads\/sites\/27\/2022\/05\/polvero-rodriguez-molina-30-grupo-dcc-3000-sevilla-scaled.jpeg\u00bb align_tablet=\u00bbcenter\u00bb align_phone=\u00bb\u00bb align_last_edited=\u00bbon|desktop\u00bb _builder_version=\u00bb4.17.3&#8243; hover_enabled=\u00bb0&#8243; global_colors_info=\u00bb{}\u00bb title_text=\u00bbpolvero rodriguez molina (30) &#8211; grupo dcc 3000 &#8211; sevilla\u00bb sticky_enabled=\u00bb0&#8243;][\/et_pb_image][\/et_pb_column][\/et_pb_row][et_pb_row _builder_version=\u00bb4.17.3&#8243; _module_preset=\u00bbdefault\u00bb][et_pb_column _builder_version=\u00bb4.17.3&#8243; _module_preset=\u00bbdefault\u00bb type=\u00bb4_4&#8243;][et_pb_gallery _builder_version=\u00bb4.17.3&#8243; _module_preset=\u00bbdefault\u00bb gallery_ids=\u00bb2887,2885,2882,2872&#8243; show_title_and_caption=\u00bboff\u00bb show_pagination=\u00bboff\u00bb hover_enabled=\u00bb0&#8243; sticky_enabled=\u00bb0&#8243;][\/et_pb_gallery][\/et_pb_column][\/et_pb_row][et_pb_row _builder_version=\u00bb4.17.3&#8243; _module_preset=\u00bbdefault\u00bb hover_enabled=\u00bb0&#8243; sticky_enabled=\u00bb0&#8243;][et_pb_column _builder_version=\u00bb4.17.3&#8243; _module_preset=\u00bbdefault\u00bb type=\u00bb4_4&#8243;][et_pb_gallery _builder_version=\u00bb4.17.3&#8243; _module_preset=\u00bbdefault\u00bb gallery_ids=\u00bb2893,2891,2896,2898&#8243; show_title_and_caption=\u00bboff\u00bb show_pagination=\u00bboff\u00bb hover_enabled=\u00bb0&#8243; sticky_enabled=\u00bb0&#8243;][\/et_pb_gallery][\/et_pb_column][\/et_pb_row][\/et_pb_section]<\/p>\n","protected":false},"excerpt":{"rendered":"<p>EMPRESA Polvero Rodr\u00edguez Molina S.L es una empresa familiar que se fund\u00f3 en el a\u00f1o 1.970 por Matilde Molina Mall\u00e9n y Antonio Rodr\u00edguez Garc\u00eda . Posteriormente, en el a\u00f1o 1.997 pas\u00f3 a denominarse tal y como se conoce hoy en d\u00eda. Actualmente est\u00e1 gestionada por sus hijos Emilio y Jos\u00e9 Juan Rodr\u00edguez Molina. En nuestra [&hellip;]<\/p>\n","protected":false},"author":4,"featured_media":0,"parent":0,"menu_order":0,"comment_status":"closed","ping_status":"closed","template":"","meta":{"_et_pb_use_builder":"on","_et_pb_old_content":"","_et_gb_content_width":"","footnotes":""},"class_list":["post-84","page","type-page","status-publish","hentry"],"yoast_head":"<!-- This site is optimized with the Yoast SEO plugin v27.1.1 - https:\/\/yoast.com\/product\/yoast-seo-wordpress\/ -->\n<title>La empresa - Polvero Rodr\u00edguez Molina<\/title>\n<meta name=\"robots\" content=\"index, follow, max-snippet:-1, max-image-preview:large, max-video-preview:-1\" \/>\n<link rel=\"canonical\" href=\"https:\/\/www.grupodcc3000.com\/asociado\/rodriguezmolina\/la-empresa\/\" \/>\n<meta property=\"og:locale\" content=\"es_ES\" \/>\n<meta property=\"og:type\" content=\"article\" \/>\n<meta property=\"og:title\" content=\"La empresa - Polvero Rodr\u00edguez Molina\" \/>\n<meta property=\"og:description\" content=\"EMPRESA Polvero Rodr\u00edguez Molina S.L es una empresa familiar que se fund\u00f3 en el a\u00f1o 1.970 por Matilde Molina Mall\u00e9n y Antonio Rodr\u00edguez Garc\u00eda . Posteriormente, en el a\u00f1o 1.997 pas\u00f3 a denominarse tal y como se conoce hoy en d\u00eda. Actualmente est\u00e1 gestionada por sus hijos Emilio y Jos\u00e9 Juan Rodr\u00edguez Molina. En nuestra [&hellip;]\" \/>\n<meta property=\"og:url\" content=\"https:\/\/www.grupodcc3000.com\/asociado\/rodriguezmolina\/la-empresa\/\" \/>\n<meta property=\"og:site_name\" content=\"Polvero Rodr\u00edguez Molina\" \/>\n<meta property=\"article:modified_time\" content=\"2022-05-06T12:26:21+00:00\" \/>\n<meta name=\"twitter:card\" content=\"summary_large_image\" \/>\n<meta name=\"twitter:label1\" content=\"Tiempo de lectura\" \/>\n\t<meta name=\"twitter:data1\" content=\"5 minutos\" \/>\n<script type=\"application\/ld+json\" class=\"yoast-schema-graph\">{\"@context\":\"https:\/\/schema.org\",\"@graph\":[{\"@type\":\"WebPage\",\"@id\":\"https:\/\/www.grupodcc3000.com\/asociado\/rodriguezmolina\/la-empresa\/\",\"url\":\"https:\/\/www.grupodcc3000.com\/asociado\/rodriguezmolina\/la-empresa\/\",\"name\":\"La empresa - Polvero Rodr\u00edguez Molina\",\"isPartOf\":{\"@id\":\"https:\/\/www.grupodcc3000.com\/asociado\/rodriguezmolina\/#website\"},\"datePublished\":\"2018-11-14T10:36:29+00:00\",\"dateModified\":\"2022-05-06T12:26:21+00:00\",\"breadcrumb\":{\"@id\":\"https:\/\/www.grupodcc3000.com\/asociado\/rodriguezmolina\/la-empresa\/#breadcrumb\"},\"inLanguage\":\"es\",\"potentialAction\":[{\"@type\":\"ReadAction\",\"target\":[\"https:\/\/www.grupodcc3000.com\/asociado\/rodriguezmolina\/la-empresa\/\"]}]},{\"@type\":\"BreadcrumbList\",\"@id\":\"https:\/\/www.grupodcc3000.com\/asociado\/rodriguezmolina\/la-empresa\/#breadcrumb\",\"itemListElement\":[{\"@type\":\"ListItem\",\"position\":1,\"name\":\"Portada\",\"item\":\"https:\/\/www.grupodcc3000.com\/asociado\/rodriguezmolina\/\"},{\"@type\":\"ListItem\",\"position\":2,\"name\":\"La empresa\"}]},{\"@type\":\"WebSite\",\"@id\":\"https:\/\/www.grupodcc3000.com\/asociado\/rodriguezmolina\/#website\",\"url\":\"https:\/\/www.grupodcc3000.com\/asociado\/rodriguezmolina\/\",\"name\":\"Polvero Rodr\u00edguez Molina\",\"description\":\"Otro sitio m\u00e1s de Asociados GrupoDCC3000\",\"potentialAction\":[{\"@type\":\"SearchAction\",\"target\":{\"@type\":\"EntryPoint\",\"urlTemplate\":\"https:\/\/www.grupodcc3000.com\/asociado\/rodriguezmolina\/?s={search_term_string}\"},\"query-input\":{\"@type\":\"PropertyValueSpecification\",\"valueRequired\":true,\"valueName\":\"search_term_string\"}}],\"inLanguage\":\"es\"}]}<\/script>\n<!-- \/ Yoast SEO plugin. -->","yoast_head_json":{"title":"La empresa - Polvero Rodr\u00edguez Molina","robots":{"index":"index","follow":"follow","max-snippet":"max-snippet:-1","max-image-preview":"max-image-preview:large","max-video-preview":"max-video-preview:-1"},"canonical":"https:\/\/www.grupodcc3000.com\/asociado\/rodriguezmolina\/la-empresa\/","og_locale":"es_ES","og_type":"article","og_title":"La empresa - Polvero Rodr\u00edguez Molina","og_description":"EMPRESA Polvero Rodr\u00edguez Molina S.L es una empresa familiar que se fund\u00f3 en el a\u00f1o 1.970 por Matilde Molina Mall\u00e9n y Antonio Rodr\u00edguez Garc\u00eda . Posteriormente, en el a\u00f1o 1.997 pas\u00f3 a denominarse tal y como se conoce hoy en d\u00eda. Actualmente est\u00e1 gestionada por sus hijos Emilio y Jos\u00e9 Juan Rodr\u00edguez Molina. En nuestra [&hellip;]","og_url":"https:\/\/www.grupodcc3000.com\/asociado\/rodriguezmolina\/la-empresa\/","og_site_name":"Polvero Rodr\u00edguez Molina","article_modified_time":"2022-05-06T12:26:21+00:00","twitter_card":"summary_large_image","twitter_misc":{"Tiempo de lectura":"5 minutos"},"schema":{"@context":"https:\/\/schema.org","@graph":[{"@type":"WebPage","@id":"https:\/\/www.grupodcc3000.com\/asociado\/rodriguezmolina\/la-empresa\/","url":"https:\/\/www.grupodcc3000.com\/asociado\/rodriguezmolina\/la-empresa\/","name":"La empresa - Polvero Rodr\u00edguez Molina","isPartOf":{"@id":"https:\/\/www.grupodcc3000.com\/asociado\/rodriguezmolina\/#website"},"datePublished":"2018-11-14T10:36:29+00:00","dateModified":"2022-05-06T12:26:21+00:00","breadcrumb":{"@id":"https:\/\/www.grupodcc3000.com\/asociado\/rodriguezmolina\/la-empresa\/#breadcrumb"},"inLanguage":"es","potentialAction":[{"@type":"ReadAction","target":["https:\/\/www.grupodcc3000.com\/asociado\/rodriguezmolina\/la-empresa\/"]}]},{"@type":"BreadcrumbList","@id":"https:\/\/www.grupodcc3000.com\/asociado\/rodriguezmolina\/la-empresa\/#breadcrumb","itemListElement":[{"@type":"ListItem","position":1,"name":"Portada","item":"https:\/\/www.grupodcc3000.com\/asociado\/rodriguezmolina\/"},{"@type":"ListItem","position":2,"name":"La empresa"}]},{"@type":"WebSite","@id":"https:\/\/www.grupodcc3000.com\/asociado\/rodriguezmolina\/#website","url":"https:\/\/www.grupodcc3000.com\/asociado\/rodriguezmolina\/","name":"Polvero Rodr\u00edguez Molina","description":"Otro sitio m\u00e1s de Asociados GrupoDCC3000","potentialAction":[{"@type":"SearchAction","target":{"@type":"EntryPoint","urlTemplate":"https:\/\/www.grupodcc3000.com\/asociado\/rodriguezmolina\/?s={search_term_string}"},"query-input":{"@type":"PropertyValueSpecification","valueRequired":true,"valueName":"search_term_string"}}],"inLanguage":"es"}]}},"_links":{"self":[{"href":"https:\/\/www.grupodcc3000.com\/asociado\/rodriguezmolina\/wp-json\/wp\/v2\/pages\/84","targetHints":{"allow":["GET"]}}],"collection":[{"href":"https:\/\/www.grupodcc3000.com\/asociado\/rodriguezmolina\/wp-json\/wp\/v2\/pages"}],"about":[{"href":"https:\/\/www.grupodcc3000.com\/asociado\/rodriguezmolina\/wp-json\/wp\/v2\/types\/page"}],"author":[{"embeddable":true,"href":"https:\/\/www.grupodcc3000.com\/asociado\/rodriguezmolina\/wp-json\/wp\/v2\/users\/4"}],"replies":[{"embeddable":true,"href":"https:\/\/www.grupodcc3000.com\/asociado\/rodriguezmolina\/wp-json\/wp\/v2\/comments?post=84"}],"version-history":[{"count":5,"href":"https:\/\/www.grupodcc3000.com\/asociado\/rodriguezmolina\/wp-json\/wp\/v2\/pages\/84\/revisions"}],"predecessor-version":[{"id":2901,"href":"https:\/\/www.grupodcc3000.com\/asociado\/rodriguezmolina\/wp-json\/wp\/v2\/pages\/84\/revisions\/2901"}],"wp:attachment":[{"href":"https:\/\/www.grupodcc3000.com\/asociado\/rodriguezmolina\/wp-json\/wp\/v2\/media?parent=84"}],"curies":[{"name":"wp","href":"https:\/\/api.w.org\/{rel}","templated":true}]}}