{"id":84,"date":"2018-11-14T10:36:29","date_gmt":"2018-11-14T10:36:29","guid":{"rendered":"http:\/\/grupodcc3000.com\/miniwebs\/?page_id=84"},"modified":"2022-05-03T10:14:30","modified_gmt":"2022-05-03T10:14:30","slug":"la-empresa","status":"publish","type":"page","link":"https:\/\/www.grupodcc3000.com\/asociado\/valdezorras\/la-empresa\/","title":{"rendered":"La empresa"},"content":{"rendered":"<p>[et_pb_section fb_built=\u00bb1&#8243; fullwidth=\u00bbon\u00bb _builder_version=\u00bb4.16&#8243; global_colors_info=\u00bb{}\u00bb][et_pb_fullwidth_slider admin_label=\u00bbFoto seccion empresa\u00bb module_id=\u00bbslider_cortado\u00bb module_class=\u00bbslider_cortado\u00bb _builder_version=\u00bb4.16&#8243; global_colors_info=\u00bb{}\u00bb][et_pb_slide _builder_version=\u00bb4.16&#8243; background_color=\u00bb#ffffff\u00bb background_enable_color=\u00bbon\u00bb background_image=\u00bbhttp:\/\/www.grupodcc3000.com\/asociado\/valdezorras\/wp-content\/uploads\/sites\/121\/2020\/07\/6824422092_3d4c5d91df_b.jpg\u00bb background_enable_image=\u00bbon\u00bb background_size=\u00bbinitial\u00bb background_position=\u00bbbottom_center\u00bb global_colors_info=\u00bb{}\u00bb sticky_transition=\u00bbon\u00bb][\/et_pb_slide][\/et_pb_fullwidth_slider][\/et_pb_section][et_pb_section fb_built=\u00bb1&#8243; _builder_version=\u00bb3.17.6&#8243; background_color=\u00bb#272727&#8243; custom_padding=\u00bb0px|||\u00bb animation_style=\u00bbslide\u00bb global_module=\u00bb388&#8243; global_colors_info=\u00bb{}\u00bb][et_pb_row _builder_version=\u00bb4.16&#8243; global_colors_info=\u00bb{}\u00bb][et_pb_column type=\u00bb4_4&#8243; _builder_version=\u00bb4.16&#8243; custom_padding=\u00bb|||\u00bb global_colors_info=\u00bb{}\u00bb custom_padding__hover=\u00bb|||\u00bb][et_pb_text _builder_version=\u00bb4.16&#8243; text_font=\u00bb||||||||\u00bb text_text_color=\u00bb#ffffff\u00bb text_font_size=\u00bb45px\u00bb header_font=\u00bb||||||||\u00bb header_text_align=\u00bbcenter\u00bb header_text_color=\u00bb#ffffff\u00bb header_font_size=\u00bb45px\u00bb global_colors_info=\u00bb{}\u00bb]<\/p>\n<h1><strong>EMPRESA<\/strong><\/h1>\n<p>[\/et_pb_text][\/et_pb_column][\/et_pb_row][et_pb_row column_structure=\u00bb1_3,2_3&#8243; _builder_version=\u00bb4.16&#8243; global_colors_info=\u00bb{}\u00bb][et_pb_column type=\u00bb1_3&#8243; _builder_version=\u00bb4.16&#8243; custom_padding=\u00bb|||\u00bb global_colors_info=\u00bb{}\u00bb custom_padding__hover=\u00bb|||\u00bb][et_pb_text _builder_version=\u00bb4.16&#8243; global_colors_info=\u00bb{}\u00bb]<\/p>\n<p><span style=\"color: #ffffff;\"> La empresa Materiales de Construcci\u00f3n Valdezorras, S.L. fue constituida en Octubre del 2005 por los hermanos Augusto Valle, los cuales trabajan d\u00eda a d\u00eda con gran esfuerzo y seriedad para llegar a ser una gran empresa.<\/span><br \/><span style=\"color: #ffffff;\">Disponemos de trabajadores cualificados que est\u00e1n a su disposici\u00f3n para ayudarle en lo que necesite.<\/span><\/p>\n<p><span style=\"color: #ffffff;\">Somos almacenistas de todo tipo de materiales de construcci\u00f3n, para ello contamos actualmente con 6.000 metros cuadrados de instalaciones de los cuales 2.000 metros cuadrados pertenecen a un almac\u00e9n con una amplia gama de materiales a disposici\u00f3n de nuestros clientes.<\/span><br \/><span style=\"color: #ffffff;\">Una de nuestras instalaciones es una gran exposici\u00f3n en el que le mostramos platos de ducha, azulejos, cenefas, soler\u00edas y mobiliario de ba\u00f1o. Todo a su disposici\u00f3n. <\/span><\/p>\n<p><span style=\"color: #ffffff;\"> Disponemos de una amplia flota de veh\u00edculos y cubas en Sevilla para garantizar la entrega de los pedidos con la mayor brevedad posible.<\/span><\/p>\n<p><span style=\"color: #ffffff;\">Tambien disponemos de maquinaria al servicio de nuestros clientes para facilitarle el trabajo en el d\u00eda a d\u00eda.<\/span><\/p>\n<p>[\/et_pb_text][\/et_pb_column][et_pb_column type=\u00bb2_3&#8243; _builder_version=\u00bb4.16&#8243; custom_padding=\u00bb|||\u00bb global_colors_info=\u00bb{}\u00bb custom_padding__hover=\u00bb|||\u00bb][et_pb_video src=\u00bbhttps:\/\/youtu.be\/N0lWKBucwec\u00bb _builder_version=\u00bb4.17.3&#8243; _module_preset=\u00bbdefault\u00bb hover_enabled=\u00bb0&#8243; sticky_enabled=\u00bb0&#8243; custom_padding=\u00bb|||65px||\u00bb][\/et_pb_video][\/et_pb_column][\/et_pb_row][et_pb_row _builder_version=\u00bb4.17.3&#8243; _module_preset=\u00bbdefault\u00bb custom_padding=\u00bb13px|||||\u00bb][et_pb_column _builder_version=\u00bb4.17.3&#8243; _module_preset=\u00bbdefault\u00bb type=\u00bb4_4&#8243;][et_pb_gallery _builder_version=\u00bb4.17.3&#8243; _module_preset=\u00bbdefault\u00bb gallery_ids=\u00bb3683,3682,3685,3684&#8243; show_pagination=\u00bboff\u00bb show_title_and_caption=\u00bboff\u00bb hover_enabled=\u00bb0&#8243; sticky_enabled=\u00bb0&#8243;][\/et_pb_gallery][\/et_pb_column][\/et_pb_row][et_pb_row column_structure=\u00bb1_3,1_3,1_3&#8243; _builder_version=\u00bb4.16&#8243; global_colors_info=\u00bb{}\u00bb][et_pb_column type=\u00bb1_3&#8243; _builder_version=\u00bb4.16&#8243; global_colors_info=\u00bb{}\u00bb][et_pb_image src=\u00bbhttps:\/\/www.grupodcc3000.com\/asociado\/valdezorras\/wp-content\/uploads\/sites\/121\/2022\/05\/materiales-valdezorras-sevilla-grupo-dcc-3000-1.png\u00bb title_text=\u00bbmateriales valdezorras sevilla grupo dcc 3000 (1)\u00bb _builder_version=\u00bb4.17.3&#8243; hover_enabled=\u00bb0&#8243; global_colors_info=\u00bb{}\u00bb sticky_enabled=\u00bb0&#8243;][\/et_pb_image][\/et_pb_column][et_pb_column type=\u00bb1_3&#8243; _builder_version=\u00bb4.16&#8243; global_colors_info=\u00bb{}\u00bb][et_pb_image src=\u00bbhttps:\/\/www.grupodcc3000.com\/asociado\/valdezorras\/wp-content\/uploads\/sites\/121\/2022\/05\/materiales-valdezorras-sevilla-grupo-dcc-3000-2.png\u00bb title_text=\u00bbmateriales valdezorras sevilla grupo dcc 3000 (2)\u00bb _builder_version=\u00bb4.17.3&#8243; hover_enabled=\u00bb0&#8243; global_colors_info=\u00bb{}\u00bb sticky_enabled=\u00bb0&#8243;][\/et_pb_image][\/et_pb_column][et_pb_column type=\u00bb1_3&#8243; _builder_version=\u00bb4.16&#8243; global_colors_info=\u00bb{}\u00bb][et_pb_image src=\u00bbhttps:\/\/www.grupodcc3000.com\/asociado\/valdezorras\/wp-content\/uploads\/sites\/121\/2022\/05\/materiales-valdezorras-sevilla-grupo-dcc-3000-3.png\u00bb title_text=\u00bbmateriales valdezorras sevilla grupo dcc 3000 (3)\u00bb _builder_version=\u00bb4.17.3&#8243; hover_enabled=\u00bb0&#8243; global_colors_info=\u00bb{}\u00bb sticky_enabled=\u00bb0&#8243;][\/et_pb_image][\/et_pb_column][\/et_pb_row][et_pb_row column_structure=\u00bb1_3,1_3,1_3&#8243; _builder_version=\u00bb4.16&#8243; global_colors_info=\u00bb{}\u00bb][et_pb_column type=\u00bb1_3&#8243; _builder_version=\u00bb4.16&#8243; global_colors_info=\u00bb{}\u00bb][et_pb_image src=\u00bbhttps:\/\/www.grupodcc3000.com\/asociado\/valdezorras\/wp-content\/uploads\/sites\/121\/2022\/05\/materiales-valdezorras-sevilla-grupo-dcc-3000-4.png\u00bb title_text=\u00bbmateriales valdezorras sevilla grupo dcc 3000 (4)\u00bb _builder_version=\u00bb4.17.3&#8243; hover_enabled=\u00bb0&#8243; global_colors_info=\u00bb{}\u00bb sticky_enabled=\u00bb0&#8243;][\/et_pb_image][\/et_pb_column][et_pb_column type=\u00bb1_3&#8243; _builder_version=\u00bb4.16&#8243; global_colors_info=\u00bb{}\u00bb][et_pb_image src=\u00bbhttps:\/\/www.grupodcc3000.com\/asociado\/valdezorras\/wp-content\/uploads\/sites\/121\/2022\/05\/materiales-valdezorras-sevilla-grupo-dcc-3000-6.png\u00bb title_text=\u00bbmateriales valdezorras sevilla grupo dcc 3000 (6)\u00bb _builder_version=\u00bb4.17.3&#8243; hover_enabled=\u00bb0&#8243; global_colors_info=\u00bb{}\u00bb sticky_enabled=\u00bb0&#8243;][\/et_pb_image][\/et_pb_column][et_pb_column type=\u00bb1_3&#8243; _builder_version=\u00bb4.16&#8243; global_colors_info=\u00bb{}\u00bb][et_pb_image src=\u00bbhttps:\/\/www.grupodcc3000.com\/asociado\/valdezorras\/wp-content\/uploads\/sites\/121\/2022\/05\/materiales-valdezorras-sevilla-grupo-dcc-3000-5.png\u00bb title_text=\u00bbmateriales valdezorras sevilla grupo dcc 3000 (5)\u00bb _builder_version=\u00bb4.17.3&#8243; hover_enabled=\u00bb0&#8243; global_colors_info=\u00bb{}\u00bb sticky_enabled=\u00bb0&#8243;][\/et_pb_image][\/et_pb_column][\/et_pb_row][et_pb_row column_structure=\u00bb1_3,1_3,1_3&#8243; _builder_version=\u00bb4.16&#8243; global_colors_info=\u00bb{}\u00bb][et_pb_column type=\u00bb1_3&#8243; _builder_version=\u00bb4.16&#8243; global_colors_info=\u00bb{}\u00bb][et_pb_image src=\u00bbhttp:\/\/www.grupodcc3000.com\/asociado\/valdezorras\/wp-content\/uploads\/sites\/121\/2020\/06\/12440357_1670487313197647_7672239465540024207_o.jpg\u00bb title_text=\u00bb12440357_1670487313197647_7672239465540024207_o\u00bb _builder_version=\u00bb4.16&#8243; global_colors_info=\u00bb{}\u00bb][\/et_pb_image][\/et_pb_column][et_pb_column type=\u00bb1_3&#8243; _builder_version=\u00bb4.16&#8243; global_colors_info=\u00bb{}\u00bb][et_pb_image src=\u00bbhttp:\/\/www.grupodcc3000.com\/asociado\/valdezorras\/wp-content\/uploads\/sites\/121\/2020\/06\/1540458_1670487376530974_3142672845802532581_o.jpg\u00bb title_text=\u00bb1540458_1670487376530974_3142672845802532581_o\u00bb _builder_version=\u00bb4.16&#8243; global_colors_info=\u00bb{}\u00bb][\/et_pb_image][\/et_pb_column][et_pb_column type=\u00bb1_3&#8243; _builder_version=\u00bb4.16&#8243; global_colors_info=\u00bb{}\u00bb][et_pb_image src=\u00bbhttp:\/\/www.grupodcc3000.com\/asociado\/valdezorras\/wp-content\/uploads\/sites\/121\/2020\/06\/920798_1670487263197652_1680193514509142463_o.jpg\u00bb title_text=\u00bb920798_1670487263197652_1680193514509142463_o\u00bb _builder_version=\u00bb4.16&#8243; global_colors_info=\u00bb{}\u00bb][\/et_pb_image][\/et_pb_column][\/et_pb_row][\/et_pb_section]<\/p>\n","protected":false},"excerpt":{"rendered":"<p>EMPRESA La empresa Materiales de Construcci\u00f3n Valdezorras, S.L. fue constituida en Octubre del 2005 por los hermanos Augusto Valle, los cuales trabajan d\u00eda a d\u00eda con gran esfuerzo y seriedad para llegar a ser una gran empresa.Disponemos de trabajadores cualificados que est\u00e1n a su disposici\u00f3n para ayudarle en lo que necesite. Somos almacenistas de todo [&hellip;]<\/p>\n","protected":false},"author":4,"featured_media":0,"parent":0,"menu_order":0,"comment_status":"closed","ping_status":"closed","template":"","meta":{"_et_pb_use_builder":"on","_et_pb_old_content":"","_et_gb_content_width":"","footnotes":""},"class_list":["post-84","page","type-page","status-publish","hentry"],"_links":{"self":[{"href":"https:\/\/www.grupodcc3000.com\/asociado\/valdezorras\/wp-json\/wp\/v2\/pages\/84","targetHints":{"allow":["GET"]}}],"collection":[{"href":"https:\/\/www.grupodcc3000.com\/asociado\/valdezorras\/wp-json\/wp\/v2\/pages"}],"about":[{"href":"https:\/\/www.grupodcc3000.com\/asociado\/valdezorras\/wp-json\/wp\/v2\/types\/page"}],"author":[{"embeddable":true,"href":"https:\/\/www.grupodcc3000.com\/asociado\/valdezorras\/wp-json\/wp\/v2\/users\/4"}],"replies":[{"embeddable":true,"href":"https:\/\/www.grupodcc3000.com\/asociado\/valdezorras\/wp-json\/wp\/v2\/comments?post=84"}],"version-history":[{"count":6,"href":"https:\/\/www.grupodcc3000.com\/asociado\/valdezorras\/wp-json\/wp\/v2\/pages\/84\/revisions"}],"predecessor-version":[{"id":3703,"href":"https:\/\/www.grupodcc3000.com\/asociado\/valdezorras\/wp-json\/wp\/v2\/pages\/84\/revisions\/3703"}],"wp:attachment":[{"href":"https:\/\/www.grupodcc3000.com\/asociado\/valdezorras\/wp-json\/wp\/v2\/media?parent=84"}],"curies":[{"name":"wp","href":"https:\/\/api.w.org\/{rel}","templated":true}]}}